Last updated on 2025-02-21 02:52:05 CET.
Flavor | Version | Tinstall | Tcheck | Ttotal | Status | Flags |
---|---|---|---|---|---|---|
r-devel-linux-x86_64-debian-clang | 1.2 | 12.45 | 305.80 | 318.25 | OK | |
r-devel-linux-x86_64-debian-gcc | 1.2 | 7.92 | 248.37 | 256.29 | OK | |
r-devel-linux-x86_64-fedora-clang | 1.2 | 533.00 | OK | |||
r-devel-linux-x86_64-fedora-gcc | 1.2 | 524.68 | OK | |||
r-devel-macos-arm64 | 1.2 | 182.00 | OK | |||
r-devel-macos-x86_64 | 1.2 | 488.00 | OK | |||
r-devel-windows-x86_64 | 1.2 | 14.00 | 125.00 | 139.00 | OK | --no-vignettes |
r-patched-linux-x86_64 | 1.2 | 11.56 | 296.20 | 307.76 | NOTE | |
r-release-linux-x86_64 | 1.2 | 10.84 | 291.04 | 301.88 | NOTE | |
r-release-macos-arm64 | 1.2 | 163.00 | NOTE | |||
r-release-macos-x86_64 | 1.2 | 252.00 | NOTE | |||
r-release-windows-x86_64 | 1.2 | 12.00 | 128.00 | 140.00 | NOTE | --no-vignettes |
r-oldrel-macos-arm64 | 1.2 | 179.00 | NOTE | |||
r-oldrel-macos-x86_64 | 1.2 | 288.00 | NOTE | |||
r-oldrel-windows-x86_64 | 1.2 | 15.00 | 139.00 | 154.00 | NOTE | --no-vignettes |
Version: 1.2
Check: LazyData
Result: NOTE
'LazyData' is specified without a 'data' directory
Flavors: r-patched-linux-x86_64, r-release-linux-x86_64, r-release-macos-arm64, r-release-macos-x86_64, r-oldrel-macos-arm64, r-oldrel-macos-x86_64
Version: 1.2
Check: installed package size
Result: NOTE
installed size is 5.1Mb
sub-directories of 1Mb or more:
doc 4.7Mb
Flavors: r-release-macos-arm64, r-release-macos-x86_64, r-oldrel-macos-arm64, r-oldrel-macos-x86_64
Version: 1.2
Flags: --no-vignettes
Check: installed package size
Result: NOTE
installed size is 5.1Mb
sub-directories of 1Mb or more:
doc 4.7Mb
Flavors: r-release-windows-x86_64, r-oldrel-windows-x86_64
Version: 1.2
Flags: --no-vignettes
Check: LazyData
Result: NOTE
'LazyData' is specified without a 'data' directory
Flavors: r-release-windows-x86_64, r-oldrel-windows-x86_64