Last updated on 2024-05-21 14:57:02 CEST.
Flavor | Version | Tinstall | Tcheck | Ttotal | Status | Flags |
---|---|---|---|---|---|---|
r-devel-linux-x86_64-debian-clang | 1.1 | 89.05 | 36.54 | 125.59 | OK | |
r-devel-linux-x86_64-debian-gcc | 1.1 | 63.61 | 28.68 | 92.29 | OK | |
r-devel-linux-x86_64-fedora-clang | 1.1 | 160.46 | NOTE | |||
r-devel-linux-x86_64-fedora-gcc | 1.1 | 157.36 | OK | |||
r-devel-windows-x86_64 | 1.1 | 68.00 | 49.00 | 117.00 | NOTE | |
r-patched-linux-x86_64 | 1.1 | 80.22 | 35.83 | 116.05 | OK | |
r-release-linux-x86_64 | 1.1 | 78.99 | 34.40 | 113.39 | OK | |
r-release-macos-arm64 | 1.1 | 71.00 | NOTE | |||
r-release-windows-x86_64 | 1.1 | 69.00 | 50.00 | 119.00 | NOTE | |
r-oldrel-macos-arm64 | 1.1 | 81.00 | NOTE | |||
r-oldrel-macos-x86_64 | 1.1 | 106.00 | NOTE | |||
r-oldrel-windows-x86_64 | 1.1 | 69.00 | 52.00 | 121.00 | NOTE |
Version: 1.1
Check: installed package size
Result: NOTE
installed size is 9.5Mb
sub-directories of 1Mb or more:
data 9.3Mb
Flavors: r-devel-linux-x86_64-fedora-clang, r-devel-windows-x86_64, r-release-macos-arm64, r-release-windows-x86_64, r-oldrel-macos-arm64, r-oldrel-macos-x86_64, r-oldrel-windows-x86_64