Last updated on 2025-02-21 02:52:05 CET.
Flavor | Version | Tinstall | Tcheck | Ttotal | Status | Flags |
---|---|---|---|---|---|---|
r-devel-linux-x86_64-debian-clang | 2.0.3 | 28.54 | 40.26 | 68.80 | NOTE | |
r-devel-linux-x86_64-debian-gcc | 2.0.3 | 21.79 | 31.38 | 53.17 | NOTE | |
r-devel-linux-x86_64-fedora-clang | 2.0.3 | 119.50 | NOTE | |||
r-devel-linux-x86_64-fedora-gcc | 2.0.3 | 134.61 | NOTE | |||
r-devel-macos-arm64 | 2.0.3 | 48.00 | OK | |||
r-devel-macos-x86_64 | 2.0.3 | 80.00 | NOTE | |||
r-devel-windows-x86_64 | 2.0.3 | 50.00 | 80.00 | 130.00 | NOTE | |
r-patched-linux-x86_64 | 2.0.3 | 30.70 | 37.98 | 68.68 | OK | |
r-release-linux-x86_64 | 2.0.3 | 29.11 | 38.05 | 67.16 | OK | |
r-release-macos-arm64 | 2.0.3 | 52.00 | OK | |||
r-release-macos-x86_64 | 2.0.3 | 116.00 | OK | |||
r-release-windows-x86_64 | 2.0.3 | 50.00 | 83.00 | 133.00 | OK | |
r-oldrel-macos-arm64 | 2.0.3 | 52.00 | OK | |||
r-oldrel-macos-x86_64 | 2.0.3 | 111.00 | OK | |||
r-oldrel-windows-x86_64 | 2.0.3 | 60.00 | 125.00 | 185.00 | OK |
Version: 2.0.3
Check: DESCRIPTION meta-information
Result: NOTE
Missing dependency on R >= 4.1.0 because package code uses the pipe
|> or function shorthand \(...) syntax added in R 4.1.0.
File(s) using such syntax:
‘blocks.R’ ‘compress.R’ ‘connect_adf.R’ ‘demo.R’ ‘device_create.R’
‘entry_info.R’ ‘helpers.R’ ‘move.R’ ‘s3_conn.R’ ‘s3_methods.R’
‘virtual_path.R’
Flavors: r-devel-linux-x86_64-debian-clang, r-devel-linux-x86_64-debian-gcc, r-devel-linux-x86_64-fedora-clang, r-devel-linux-x86_64-fedora-gcc, r-devel-macos-x86_64, r-devel-windows-x86_64