Last updated on 2025-02-21 02:52:05 CET.
Flavor | Version | Tinstall | Tcheck | Ttotal | Status | Flags |
---|---|---|---|---|---|---|
r-devel-linux-x86_64-debian-clang | 1.0 | 58.94 | 64.72 | 123.66 | OK | |
r-devel-linux-x86_64-debian-gcc | 1.0 | 36.52 | 46.15 | 82.67 | OK | |
r-devel-linux-x86_64-fedora-clang | 1.0 | 191.67 | OK | |||
r-devel-linux-x86_64-fedora-gcc | 1.0 | 199.73 | OK | |||
r-devel-macos-arm64 | 1.0 | 53.00 | OK | |||
r-devel-macos-x86_64 | 1.0 | 191.00 | OK | |||
r-devel-windows-x86_64 | 1.0 | 48.00 | 89.00 | 137.00 | OK | |
r-patched-linux-x86_64 | 1.0 | 49.06 | 61.51 | 110.57 | OK | |
r-release-linux-x86_64 | 1.0 | 50.31 | 60.95 | 111.26 | OK | |
r-release-macos-arm64 | 1.0 | 54.00 | NOTE | |||
r-release-macos-x86_64 | 1.0 | 73.00 | NOTE | |||
r-release-windows-x86_64 | 1.0 | 48.00 | 91.00 | 139.00 | OK | |
r-oldrel-macos-arm64 | 1.0 | 60.00 | NOTE | |||
r-oldrel-macos-x86_64 | 1.0 | 99.00 | NOTE | |||
r-oldrel-windows-x86_64 | 1.0 | 60.00 | 108.00 | 168.00 | OK |
Version: 1.0
Check: installed package size
Result: NOTE
installed size is 6.3Mb
sub-directories of 1Mb or more:
libs 6.1Mb
Flavors: r-release-macos-arm64, r-release-macos-x86_64, r-oldrel-macos-arm64, r-oldrel-macos-x86_64