Last updated on 2024-05-21 14:57:02 CEST.
Flavor | Version | Tinstall | Tcheck | Ttotal | Status | Flags |
---|---|---|---|---|---|---|
r-devel-linux-x86_64-debian-clang | 1.0.2 | 17.06 | 421.72 | 438.78 | OK | |
r-devel-linux-x86_64-debian-gcc | 1.0.2 | 12.77 | 305.04 | 317.81 | OK | |
r-devel-linux-x86_64-fedora-clang | 1.0.2 | 533.18 | NOTE | |||
r-devel-linux-x86_64-fedora-gcc | 1.0.2 | 516.98 | NOTE | |||
r-devel-windows-x86_64 | 1.0.2 | 18.00 | 343.00 | 361.00 | OK | |
r-patched-linux-x86_64 | 1.0.2 | 25.15 | 397.63 | 422.78 | OK | |
r-release-linux-x86_64 | 1.0.2 | 20.09 | 395.54 | 415.63 | OK | |
r-release-macos-arm64 | 1.0.2 | 150.00 | OK | |||
r-release-macos-x86_64 | 1.0.2 | 380.00 | OK | |||
r-release-windows-x86_64 | 1.0.2 | 16.00 | 339.00 | 355.00 | OK | |
r-oldrel-macos-arm64 | 1.0.2 | 158.00 | OK | |||
r-oldrel-macos-x86_64 | 1.0.2 | 348.00 | OK | |||
r-oldrel-windows-x86_64 | 1.0.2 | 24.00 | 428.00 | 452.00 | OK |
Version: 1.0.2
Check: data for non-ASCII characters
Result: NOTE
Note: found 12 marked UTF-8 strings
Flavors: r-devel-linux-x86_64-fedora-clang, r-devel-linux-x86_64-fedora-gcc