Last updated on 2025-02-21 02:52:05 CET.
Flavor | Version | Tinstall | Tcheck | Ttotal | Status | Flags |
---|---|---|---|---|---|---|
r-devel-linux-x86_64-debian-clang | 1.2.0 | 9.22 | 73.34 | 82.56 | OK | |
r-devel-linux-x86_64-debian-gcc | 1.2.0 | 6.51 | 52.63 | 59.14 | OK | |
r-devel-linux-x86_64-fedora-clang | 1.2.0 | 130.59 | NOTE | |||
r-devel-linux-x86_64-fedora-gcc | 1.2.0 | 142.93 | NOTE | |||
r-devel-macos-arm64 | 1.2.0 | 53.00 | OK | |||
r-devel-macos-x86_64 | 1.2.0 | 94.00 | OK | |||
r-devel-windows-x86_64 | 1.2.0 | 11.00 | 89.00 | 100.00 | OK | |
r-patched-linux-x86_64 | 1.2.0 | 8.86 | 68.41 | 77.27 | OK | |
r-release-linux-x86_64 | 1.2.0 | 6.96 | 68.74 | 75.70 | OK | |
r-release-macos-arm64 | 1.2.0 | 55.00 | OK | |||
r-release-macos-x86_64 | 1.2.0 | 95.00 | OK | |||
r-release-windows-x86_64 | 1.2.0 | 12.00 | 88.00 | 100.00 | OK | |
r-oldrel-macos-arm64 | 1.2.0 | 51.00 | OK | |||
r-oldrel-macos-x86_64 | 1.2.0 | 113.00 | OK | |||
r-oldrel-windows-x86_64 | 1.2.0 | 16.00 | 103.00 | 119.00 | OK |
Version: 1.2.0
Check: dependencies in R code
Result: NOTE
Namespace in Imports field not imported from: ‘cli’
All declared Imports should be used.
Flavors: r-devel-linux-x86_64-fedora-clang, r-devel-linux-x86_64-fedora-gcc