Last updated on 2024-05-21 14:57:02 CEST.
Flavor | Version | Tinstall | Tcheck | Ttotal | Status | Flags |
---|---|---|---|---|---|---|
r-devel-linux-x86_64-debian-clang | 1.1.2 | 28.41 | 171.06 | 199.47 | NOTE | |
r-devel-linux-x86_64-debian-gcc | 1.1.2 | 21.64 | 127.79 | 149.43 | NOTE | |
r-devel-linux-x86_64-fedora-clang | 1.1.2 | 260.68 | NOTE | |||
r-devel-linux-x86_64-fedora-gcc | 1.1.2 | 240.33 | NOTE | |||
r-devel-windows-x86_64 | 1.1.2 | 19.00 | 135.00 | 154.00 | NOTE | |
r-patched-linux-x86_64 | 1.1.2 | 23.88 | 165.98 | 189.86 | NOTE | |
r-release-linux-x86_64 | 1.1.2 | 20.27 | 167.72 | 187.99 | NOTE | |
r-release-macos-arm64 | 1.1.2 | 61.00 | NOTE | |||
r-release-windows-x86_64 | 1.1.2 | 16.00 | 127.00 | 143.00 | NOTE | |
r-oldrel-macos-arm64 | 1.1.2 | 54.00 | NOTE | |||
r-oldrel-macos-x86_64 | 1.1.2 | 84.00 | NOTE | |||
r-oldrel-windows-x86_64 | 1.1.2 | 22.00 | 152.00 | 174.00 | NOTE |
Version: 1.1.2
Check: LazyData
Result: NOTE
'LazyData' is specified without a 'data' directory
Flavors: r-devel-linux-x86_64-debian-clang, r-devel-linux-x86_64-debian-gcc, r-devel-linux-x86_64-fedora-clang, r-devel-linux-x86_64-fedora-gcc, r-devel-windows-x86_64, r-patched-linux-x86_64, r-release-linux-x86_64, r-release-macos-arm64, r-release-windows-x86_64, r-oldrel-macos-arm64, r-oldrel-macos-x86_64, r-oldrel-windows-x86_64