CRAN Package Check Results for Package aglm

Last updated on 2025-02-18 02:50:30 CET.

Flavor Version Tinstall Tcheck Ttotal Status Flags
r-devel-linux-x86_64-debian-clang 0.4.0 7.68 116.05 123.73 NOTE
r-devel-linux-x86_64-debian-gcc 0.4.0 6.07 79.58 85.65 NOTE
r-devel-linux-x86_64-fedora-clang 0.4.0 219.76 NOTE
r-devel-linux-x86_64-fedora-gcc 0.4.0 208.93 NOTE
r-devel-macos-arm64 0.4.0 64.00 OK
r-devel-macos-x86_64 0.4.0 155.00 OK
r-devel-windows-x86_64 0.4.0 9.00 132.00 141.00 NOTE
r-patched-linux-x86_64 0.4.0 11.13 110.92 122.05 OK
r-release-linux-x86_64 0.4.0 7.31 109.40 116.71 OK
r-release-macos-arm64 0.4.0 65.00 OK
r-release-macos-x86_64 0.4.0 111.00 OK
r-release-windows-x86_64 0.4.0 9.00 133.00 142.00 OK
r-oldrel-macos-arm64 0.4.0 72.00 OK
r-oldrel-macos-x86_64 0.4.0 124.00 OK
r-oldrel-windows-x86_64 0.4.0 11.00 183.00 194.00 OK

Check Details

Version: 0.4.0
Check: Rd cross-references
Result: NOTE Found the following Rd file(s) with Rd \link{} targets missing package anchors: AccurateGLM-class.Rd: cv.glmnet coef.AccurateGLM.Rd: coef.glmnet predict.AccurateGLM.Rd: predict.glmnet Please provide package anchors for all Rd \link{} targets not in the package itself and the base packages. Flavors: r-devel-linux-x86_64-debian-clang, r-devel-linux-x86_64-debian-gcc, r-devel-windows-x86_64

Version: 0.4.0
Check: dependencies in R code
Result: NOTE Namespace in Imports field not imported from: ‘mathjaxr’ All declared Imports should be used. Flavors: r-devel-linux-x86_64-fedora-clang, r-devel-linux-x86_64-fedora-gcc