Last updated on 2025-02-21 02:52:05 CET.
Flavor | Version | Tinstall | Tcheck | Ttotal | Status | Flags |
---|---|---|---|---|---|---|
r-devel-linux-x86_64-debian-clang | 1.24 | 10.20 | 121.00 | 131.20 | OK | |
r-devel-linux-x86_64-debian-gcc | 1.24 | 7.35 | 86.37 | 93.72 | OK | |
r-devel-linux-x86_64-fedora-clang | 1.24 | 202.53 | OK | |||
r-devel-linux-x86_64-fedora-gcc | 1.24 | 254.19 | OK | |||
r-devel-macos-arm64 | 1.24 | 112.00 | OK | |||
r-devel-macos-x86_64 | 1.24 | 192.00 | ERROR | |||
r-devel-windows-x86_64 | 1.24 | 16.00 | 275.00 | 291.00 | OK | |
r-patched-linux-x86_64 | 1.24 | 15.58 | 113.01 | 128.59 | OK | |
r-release-linux-x86_64 | 1.24 | 9.29 | 113.83 | 123.12 | OK | |
r-release-macos-arm64 | 1.24 | 105.00 | OK | |||
r-release-macos-x86_64 | 1.24 | 219.00 | OK | |||
r-release-windows-x86_64 | 1.24 | 15.00 | 266.00 | 281.00 | OK | |
r-oldrel-macos-arm64 | 1.24 | 106.00 | OK | |||
r-oldrel-macos-x86_64 | 1.24 | 194.00 | OK | |||
r-oldrel-windows-x86_64 | 1.24 | 17.00 | 298.00 | 315.00 | OK |
Version: 1.24
Check: examples
Result: ERROR
Running examples in ‘agridat-Ex.R’ failed
The error most likely occurred in:
> ### Name: gomez.nitrogen
> ### Title: Soil nitrogen at three times for eight fertilizer treatments
> ### Aliases: gomez.nitrogen
> ### Keywords: datasets
>
> ### ** Examples
>
>
> library(agridat)
>
> data(gomez.nitrogen)
> dat <- gomez.nitrogen
>
> # Note the depletion of nitrogen over time (stage)
> libs(HH)
Installing package into ‘/Volumes/Builds/packages/big-sur-x86_64/results/4.5/agridat.Rcheck’
(as ‘lib’ is unspecified)
Error in contrib.url(repos, "source") :
trying to use CRAN without setting a mirror
Calls: libs -> install.packages -> contrib.url
Execution halted
Flavor: r-devel-macos-x86_64