CRAN Package Check Results for Package ahpsurvey

Last updated on 2025-02-21 02:52:05 CET.

Flavor Version Tinstall Tcheck Ttotal Status Flags
r-devel-linux-x86_64-debian-clang 0.4.1 4.92 50.66 55.58 OK
r-devel-linux-x86_64-debian-gcc 0.4.1 3.28 34.24 37.52 OK
r-devel-linux-x86_64-fedora-clang 0.4.1 89.39 NOTE
r-devel-linux-x86_64-fedora-gcc 0.4.1 158.27 NOTE
r-devel-macos-arm64 0.4.1 47.00 OK
r-devel-macos-x86_64 0.4.1 98.00 OK
r-devel-windows-x86_64 0.4.1 7.00 69.00 76.00 OK
r-patched-linux-x86_64 0.4.1 4.98 46.51 51.49 OK
r-release-linux-x86_64 0.4.1 5.02 46.09 51.11 OK
r-release-macos-arm64 0.4.1 45.00 OK
r-release-macos-x86_64 0.4.1 73.00 OK
r-release-windows-x86_64 0.4.1 7.00 63.00 70.00 OK
r-oldrel-macos-arm64 0.4.1 48.00 OK
r-oldrel-macos-x86_64 0.4.1 87.00 OK
r-oldrel-windows-x86_64 0.4.1 9.00 78.00 87.00 OK

Check Details

Version: 0.4.1
Check: dependencies in R code
Result: NOTE Namespaces in Imports field not imported from: ‘knitr’ ‘randomNames’ ‘tidyr’ All declared Imports should be used. Flavors: r-devel-linux-x86_64-fedora-clang, r-devel-linux-x86_64-fedora-gcc