CRAN Package Check Results for Package ahw

Last updated on 2025-02-20 14:50:44 CET.

Flavor Version Tinstall Tcheck Ttotal Status Flags
r-devel-linux-x86_64-debian-clang 0.1.0 7.87 112.90 120.77 NOTE
r-devel-linux-x86_64-debian-gcc 0.1.0 5.59 82.36 87.95 NOTE
r-devel-linux-x86_64-fedora-clang 0.1.0 164.12 OK
r-devel-linux-x86_64-fedora-gcc 0.1.0 155.13 OK
r-devel-macos-arm64 0.1.0 49.00 OK
r-devel-macos-x86_64 0.1.0 87.00 OK
r-devel-windows-x86_64 0.1.0 9.00 96.00 105.00 NOTE
r-patched-linux-x86_64 0.1.0 10.72 92.87 103.59 OK
r-release-linux-x86_64 0.1.0 6.94 93.16 100.10 OK
r-release-macos-arm64 0.1.0 41.00 OK
r-release-macos-x86_64 0.1.0 65.00 OK
r-release-windows-x86_64 0.1.0 8.00 3.00 11.00 FAIL
r-oldrel-macos-arm64 0.1.0 46.00 OK
r-oldrel-macos-x86_64 0.1.0 82.00 OK
r-oldrel-windows-x86_64 0.1.0 11.00 103.00 114.00 OK

Check Details

Version: 0.1.0
Check: Rd cross-references
Result: NOTE Found the following Rd file(s) with Rd \link{} targets missing package anchors: addNoiseAtEventTimes.Rd: data.table makeContWeights.Rd: data.table weightPredict.Rd: data.table Please provide package anchors for all Rd \link{} targets not in the package itself and the base packages. Flavors: r-devel-linux-x86_64-debian-clang, r-devel-linux-x86_64-debian-gcc, r-devel-windows-x86_64

Version: 0.1.0
Check: package dependencies
Result: FAIL
Flavor: r-release-windows-x86_64