Last updated on 2025-02-20 14:50:44 CET.
Flavor | Version | Tinstall | Tcheck | Ttotal | Status | Flags |
---|---|---|---|---|---|---|
r-devel-linux-x86_64-debian-clang | 1.0.5 | 2.53 | 39.01 | 41.54 | OK | |
r-devel-linux-x86_64-debian-gcc | 1.0.5 | 1.99 | 27.88 | 29.87 | OK | |
r-devel-linux-x86_64-fedora-clang | 1.0.5 | 67.91 | OK | |||
r-devel-linux-x86_64-fedora-gcc | 1.0.5 | 67.22 | OK | |||
r-devel-macos-arm64 | 1.0.5 | 24.00 | OK | |||
r-devel-macos-x86_64 | 1.0.5 | 44.00 | OK | |||
r-devel-windows-x86_64 | 1.0.5 | 4.00 | 61.00 | 65.00 | OK | |
r-patched-linux-x86_64 | 1.0.5 | 2.68 | 36.70 | 39.38 | OK | |
r-release-linux-x86_64 | 1.0.5 | 2.58 | 37.30 | 39.88 | OK | |
r-release-macos-arm64 | 1.0.5 | 30.00 | OK | |||
r-release-macos-x86_64 | 1.0.5 | 33.00 | OK | |||
r-release-windows-x86_64 | 1.0.5 | 3.00 | 3.00 | 6.00 | FAIL | |
r-oldrel-macos-arm64 | 1.0.5 | 28.00 | OK | |||
r-oldrel-macos-x86_64 | 1.0.5 | 51.00 | OK | |||
r-oldrel-windows-x86_64 | 1.0.5 | 4.00 | 85.00 | 89.00 | OK |
Version: 1.0.5
Check: package dependencies
Result: FAIL
Flavor: r-release-windows-x86_64