Last updated on 2025-02-18 02:50:30 CET.
Flavor | Version | Tinstall | Tcheck | Ttotal | Status | Flags |
---|---|---|---|---|---|---|
r-devel-linux-x86_64-debian-clang | 1.0.0 | 64.42 | 337.12 | 401.54 | NOTE | |
r-devel-linux-x86_64-debian-gcc | 1.0.0 | 44.25 | 220.75 | 265.00 | NOTE | |
r-devel-linux-x86_64-fedora-clang | 1.0.0 | 667.37 | NOTE | |||
r-devel-linux-x86_64-fedora-gcc | 1.0.0 | 659.16 | NOTE | |||
r-devel-macos-arm64 | 1.0.0 | 161.00 | OK | |||
r-devel-macos-x86_64 | 1.0.0 | 349.00 | NOTE | |||
r-devel-windows-x86_64 | 1.0.0 | 65.00 | 314.00 | 379.00 | NOTE | |
r-patched-linux-x86_64 | 1.0.0 | 62.39 | 313.42 | 375.81 | OK | |
r-release-linux-x86_64 | 1.0.0 | 60.12 | 313.94 | 374.06 | OK | |
r-release-macos-arm64 | 1.0.0 | 181.00 | NOTE | |||
r-release-macos-x86_64 | 1.0.0 | 277.00 | NOTE | |||
r-release-windows-x86_64 | 1.0.0 | 67.00 | 309.00 | 376.00 | OK | |
r-oldrel-macos-arm64 | 1.0.0 | 190.00 | NOTE | |||
r-oldrel-macos-x86_64 | 1.0.0 | 352.00 | NOTE | |||
r-oldrel-windows-x86_64 | 1.0.0 | 82.00 | 429.00 | 511.00 | OK |
Version: 1.0.0
Check: DESCRIPTION meta-information
Result: NOTE
Missing dependency on R >= 4.1.0 because package code uses the pipe
|> or function shorthand \(...) syntax added in R 4.1.0.
File(s) using such syntax:
‘ability_agreement.R’ ‘ability_ai.R’ ‘ability_compute_bounds.R’
‘ability_compute_stats.R’ ‘ability_human.R’
‘ability_human_override.R’ ‘ability_preference.R’
Flavors: r-devel-linux-x86_64-debian-clang, r-devel-linux-x86_64-debian-gcc, r-devel-linux-x86_64-fedora-clang, r-devel-linux-x86_64-fedora-gcc, r-devel-macos-x86_64, r-devel-windows-x86_64
Version: 1.0.0
Check: installed package size
Result: NOTE
installed size is 6.6Mb
sub-directories of 1Mb or more:
doc 1.6Mb
libs 4.3Mb
Flavors: r-release-macos-arm64, r-release-macos-x86_64, r-oldrel-macos-arm64, r-oldrel-macos-x86_64