Last updated on 2025-02-20 14:50:44 CET.
Flavor | Version | Tinstall | Tcheck | Ttotal | Status | Flags |
---|---|---|---|---|---|---|
r-devel-linux-x86_64-debian-clang | 0.7.0 | 7.41 | 202.18 | 209.59 | NOTE | |
r-devel-linux-x86_64-debian-gcc | 0.7.0 | 5.43 | 158.56 | 163.99 | NOTE | |
r-devel-linux-x86_64-fedora-clang | 0.7.0 | 330.12 | NOTE | |||
r-devel-linux-x86_64-fedora-gcc | 0.7.0 | 364.01 | NOTE | |||
r-devel-macos-arm64 | 0.7.0 | 139.00 | OK | |||
r-devel-macos-x86_64 | 0.7.0 | 318.00 | NOTE | |||
r-devel-windows-x86_64 | 0.7.0 | 10.00 | 252.00 | 262.00 | NOTE | |
r-patched-linux-x86_64 | 0.7.0 | 7.97 | 203.39 | 211.36 | OK | |
r-release-linux-x86_64 | 0.7.0 | 6.87 | 201.96 | 208.83 | OK | |
r-release-macos-arm64 | 0.7.0 | 133.00 | OK | |||
r-release-macos-x86_64 | 0.7.0 | 326.00 | OK | |||
r-release-windows-x86_64 | 0.7.0 | 11.00 | 255.00 | 266.00 | OK | |
r-oldrel-macos-arm64 | 0.7.0 | 142.00 | OK | |||
r-oldrel-macos-x86_64 | 0.7.0 | 298.00 | OK | |||
r-oldrel-windows-x86_64 | 0.7.0 | 12.00 | 304.00 | 316.00 | OK |
Version: 0.7.0
Check: DESCRIPTION meta-information
Result: NOTE
Missing dependency on R >= 4.1.0 because package code uses the pipe
|> or function shorthand \(...) syntax added in R 4.1.0.
File(s) using such syntax:
‘plot.GRiwrm.R’
Flavors: r-devel-linux-x86_64-debian-clang, r-devel-linux-x86_64-debian-gcc, r-devel-linux-x86_64-fedora-clang, r-devel-linux-x86_64-fedora-gcc, r-devel-macos-x86_64, r-devel-windows-x86_64