Last updated on 2024-05-21 14:57:02 CEST.
Flavor | Version | Tinstall | Tcheck | Ttotal | Status | Flags |
---|---|---|---|---|---|---|
r-devel-linux-x86_64-debian-clang | 0.9.0 | 10.12 | 83.49 | 93.61 | OK | |
r-devel-linux-x86_64-debian-gcc | 0.9.0 | 7.26 | 62.14 | 69.40 | OK | |
r-devel-linux-x86_64-fedora-clang | 0.9.0 | 117.05 | NOTE | |||
r-devel-linux-x86_64-fedora-gcc | 0.9.0 | 109.55 | NOTE | |||
r-devel-windows-x86_64 | 0.9.0 | 10.00 | 80.00 | 90.00 | OK | |
r-patched-linux-x86_64 | 0.9.0 | 10.72 | 79.40 | 90.12 | OK | |
r-release-linux-x86_64 | 0.9.0 | 8.61 | 79.71 | 88.32 | OK | |
r-release-macos-arm64 | 0.9.0 | 38.00 | OK | |||
r-release-macos-x86_64 | 0.9.0 | 76.00 | OK | |||
r-release-windows-x86_64 | 0.9.0 | 10.00 | 79.00 | 89.00 | OK | |
r-oldrel-macos-arm64 | 0.9.0 | 42.00 | OK | |||
r-oldrel-macos-x86_64 | 0.9.0 | 78.00 | OK | |||
r-oldrel-windows-x86_64 | 0.9.0 | 13.00 | 95.00 | 108.00 | OK |
Version: 0.9.0
Check: data for non-ASCII characters
Result: NOTE
Note: found 53 marked UTF-8 strings
Flavors: r-devel-linux-x86_64-fedora-clang, r-devel-linux-x86_64-fedora-gcc