Last updated on 2025-02-20 14:50:44 CET.
Flavor | Version | Tinstall | Tcheck | Ttotal | Status | Flags |
---|---|---|---|---|---|---|
r-devel-linux-x86_64-debian-clang | 0.1.0 | 2.21 | 18.31 | 20.52 | OK | |
r-devel-linux-x86_64-debian-gcc | 0.1.0 | 1.99 | 14.81 | 16.80 | OK | |
r-devel-linux-x86_64-fedora-clang | 0.1.0 | 32.32 | OK | |||
r-devel-linux-x86_64-fedora-gcc | 0.1.0 | 32.17 | OK | |||
r-devel-macos-arm64 | 0.1.0 | 17.00 | OK | |||
r-devel-macos-x86_64 | 0.1.0 | 26.00 | OK | |||
r-devel-windows-x86_64 | 0.1.0 | 3.00 | 46.00 | 49.00 | OK | |
r-patched-linux-x86_64 | 0.1.0 | 2.51 | 18.02 | 20.53 | OK | |
r-release-linux-x86_64 | 0.1.0 | 1.75 | 17.69 | 19.44 | OK | |
r-release-macos-arm64 | 0.1.0 | 21.00 | OK | |||
r-release-macos-x86_64 | 0.1.0 | 23.00 | OK | |||
r-release-windows-x86_64 | 0.1.0 | 4.00 | 3.00 | 7.00 | FAIL | |
r-oldrel-macos-arm64 | 0.1.0 | 17.00 | OK | |||
r-oldrel-macos-x86_64 | 0.1.0 | 26.00 | OK | |||
r-oldrel-windows-x86_64 | 0.1.0 | 4.00 | 67.00 | 71.00 | OK |
Version: 0.1.0
Check: package dependencies
Result: FAIL
Flavor: r-release-windows-x86_64