Last updated on 2025-02-21 02:52:05 CET.
Flavor | Version | Tinstall | Tcheck | Ttotal | Status | Flags |
---|---|---|---|---|---|---|
r-devel-linux-x86_64-debian-clang | 1.4.3 | 8.48 | 61.63 | 70.11 | NOTE | |
r-devel-linux-x86_64-debian-gcc | 1.4.3 | 5.26 | 44.76 | 50.02 | NOTE | |
r-devel-linux-x86_64-fedora-clang | 1.4.3 | 108.89 | NOTE | |||
r-devel-linux-x86_64-fedora-gcc | 1.4.3 | 121.54 | NOTE | |||
r-devel-macos-arm64 | 1.4.3 | 40.00 | OK | |||
r-devel-macos-x86_64 | 1.4.3 | 99.00 | NOTE | |||
r-devel-windows-x86_64 | 1.4.3 | 10.00 | 77.00 | 87.00 | NOTE | |
r-patched-linux-x86_64 | 1.4.3 | 7.01 | 56.44 | 63.45 | OK | |
r-release-linux-x86_64 | 1.4.3 | 6.97 | 55.91 | 62.88 | OK | |
r-release-macos-arm64 | 1.4.3 | 46.00 | OK | |||
r-release-macos-x86_64 | 1.4.3 | 130.00 | OK | |||
r-release-windows-x86_64 | 1.4.3 | 10.00 | 71.00 | 81.00 | OK | |
r-oldrel-macos-arm64 | 1.4.3 | 45.00 | OK | |||
r-oldrel-macos-x86_64 | 1.4.3 | 111.00 | OK | |||
r-oldrel-windows-x86_64 | 1.4.3 | 11.00 | 82.00 | 93.00 | OK |
Version: 1.4.3
Check: DESCRIPTION meta-information
Result: NOTE
Missing dependency on R >= 4.1.0 because package code uses the pipe
|> or function shorthand \(...) syntax added in R 4.1.0.
File(s) using such syntax:
‘airship.R’
Flavors: r-devel-linux-x86_64-debian-clang, r-devel-linux-x86_64-debian-gcc, r-devel-linux-x86_64-fedora-clang, r-devel-linux-x86_64-fedora-gcc, r-devel-macos-x86_64, r-devel-windows-x86_64