Last updated on 2025-02-21 02:52:05 CET.
Flavor | Version | Tinstall | Tcheck | Ttotal | Status | Flags |
---|---|---|---|---|---|---|
r-devel-linux-x86_64-debian-clang | 0.3.0 | 8.11 | 319.78 | 327.89 | NOTE | |
r-devel-linux-x86_64-debian-gcc | 0.3.0 | 5.38 | 214.05 | 219.43 | NOTE | |
r-devel-linux-x86_64-fedora-clang | 0.3.0 | 578.71 | NOTE | |||
r-devel-linux-x86_64-fedora-gcc | 0.3.0 | 589.04 | NOTE | |||
r-devel-macos-arm64 | 0.3.0 | 308.00 | OK | |||
r-devel-macos-x86_64 | 0.3.0 | 543.00 | NOTE | |||
r-devel-windows-x86_64 | 0.3.0 | 10.00 | 511.00 | 521.00 | NOTE | |
r-patched-linux-x86_64 | 0.3.0 | 7.75 | 271.69 | 279.44 | ERROR | |
r-release-linux-x86_64 | 0.3.0 | 7.11 | 293.67 | 300.78 | OK | |
r-release-macos-arm64 | 0.3.0 | 348.00 | OK | |||
r-release-macos-x86_64 | 0.3.0 | 409.00 | OK | |||
r-release-windows-x86_64 | 0.3.0 | 10.00 | 515.00 | 525.00 | OK | |
r-oldrel-macos-arm64 | 0.3.0 | 269.00 | OK | |||
r-oldrel-macos-x86_64 | 0.3.0 | 323.00 | OK | |||
r-oldrel-windows-x86_64 | 0.3.0 | 11.00 | 574.00 | 585.00 | ERROR |
Version: 0.3.0
Check: DESCRIPTION meta-information
Result: NOTE
Missing dependency on R >= 4.2.0 because package code uses the pipe
placeholder syntax added in R 4.2.0.
File(s) using such syntax:
‘calc_ale.R’ ‘model_bootstrap.R’ ‘stats.R’
Flavors: r-devel-linux-x86_64-debian-clang, r-devel-linux-x86_64-debian-gcc, r-devel-linux-x86_64-fedora-clang, r-devel-linux-x86_64-fedora-gcc, r-devel-windows-x86_64
Version: 0.3.0
Check: DESCRIPTION meta-information
Result: NOTE
Missing dependency on R >= 4.1.0 because package code uses the pipe
|> or function shorthand \(...) syntax added in R 4.1.0.
File(s) using such syntax:
‘ale_core.R’ ‘calc_ale.R’ ‘calc_ale_ixn.R’ ‘model_bootstrap.R’
‘plots.R’ ‘stats.R’ ‘utils.R’ ‘validation.R’
Flavor: r-devel-macos-x86_64
Version: 0.3.0
Check: re-building of vignette outputs
Result: ERROR
Error(s) in re-building vignettes:
...
--- re-building ‘ale-intro.Rmd’ using rmarkdown
** Processing: /home/hornik/tmp/R.check/r-patched-gcc/Work/PKGS/ale.Rcheck/vign_test/ale/vignettes/ale-intro_files/figure-html/print-carat-1.png
384x288 pixels, 8 bits/pixel, 256 colors in palette
Reducing image to 8 bits/pixel, grayscale
Input IDAT size = 6629 bytes
Input file size = 7487 bytes
Trying:
zc = 9 zm = 8 zs = 0 f = 0 IDAT size = 5913
zc = 9 zm = 8 zs = 1 f = 0
zc = 1 zm = 8 zs = 2 f = 0
zc = 9 zm = 8 zs = 3 f = 0
zc = 9 zm = 8 zs = 0 f = 5
zc = 9 zm = 8 zs = 1 f = 5
zc = 1 zm = 8 zs = 2 f = 5
zc = 9 zm = 8 zs = 3 f = 5
Selecting parameters:
zc = 9 zm = 8 zs = 0 f = 0 IDAT size = 5913
Output IDAT size = 5913 bytes (716 bytes decrease)
Output file size = 5991 bytes (1496 bytes = 19.98% decrease)
** Processing: /home/hornik/tmp/R.check/r-patched-gcc/Work/PKGS/ale.Rcheck/vign_test/ale/vignettes/ale-intro_files/figure-html/print-ale_simple-1.png
672x1056 pixels, 8 bits/pixel, 256 colors in palette
Reducing image to 8 bits/pixel, grayscale
Input IDAT size = 48283 bytes
Input file size = 49201 bytes
Trying:
zc = 9 zm = 8 zs = 0 f = 0 IDAT size = 44391
zc = 9 zm = 8 zs = 1 f = 0
zc = 1 zm = 8 zs = 2 f = 0
zc = 9 zm = 8 zs = 3 f = 0
zc = 9 zm = 8 zs = 0 f = 5
zc = 9 zm = 8 zs = 1 f = 5
zc = 1 zm = 8 zs = 2 f = 5
zc = 9 zm = 8 zs = 3 f = 5
Selecting parameters:
zc = 9 zm = 8 zs = 0 f = 0 IDAT size = 44391
Output IDAT size = 44391 bytes (3892 bytes decrease)
Output file size = 44469 bytes (4732 bytes = 9.62% decrease)
** Processing: /home/hornik/tmp/R.check/r-patched-gcc/Work/PKGS/ale.Rcheck/vign_test/ale/vignettes/ale-intro_files/figure-html/ale_boot-1.png
672x1056 pixels, 8 bits/pixel, 256 colors in palette
Reducing image to 8 bits/pixel, grayscale
Input IDAT size = 50845 bytes
Input file size = 51775 bytes
Trying:
zc = 9 zm = 8 zs = 0 f = 0 IDAT size = 47506
zc = 9 zm = 8 zs = 1 f = 0
zc = 1 zm = 8 zs = 2 f = 0
zc = 9 zm = 8 zs = 3 f = 0
zc = 9 zm = 8 zs = 0 f = 5
zc = 9 zm = 8 zs = 1 f = 5
zc = 1 zm = 8 zs = 2 f = 5
zc = 9 zm = 8 zs = 3 f = 5
Selecting parameters:
zc = 9 zm = 8 zs = 0 f = 0 IDAT size = 47506
Output IDAT size = 47506 bytes (3339 bytes decrease)
Output file size = 47584 bytes (4191 bytes = 8.09% decrease)
** Processing: /home/hornik/tmp/R.check/r-patched-gcc/Work/PKGS/ale.Rcheck/vign_test/ale/vignettes/ale-intro_files/figure-html/print-all-ale_ixn-1.png
672x672 pixels, 8 bits/pixel, 256 colors in palette
Reducing image to 8 bits/pixel, grayscale
Input IDAT size = 37276 bytes
Input file size = 38182 bytes
Trying:
zc = 9 zm = 8 zs = 0 f = 0 IDAT size = 35062
zc = 9 zm = 8 zs = 1 f = 0
zc = 1 zm = 8 zs = 2 f = 0
zc = 9 zm = 8 zs = 3 f = 0
zc = 9 zm = 8 zs = 0 f = 5
zc = 9 zm = 8 zs = 1 f = 5
zc = 1 zm = 8 zs = 2 f = 5
zc = 9 zm = 8 zs = 3 f = 5
Selecting parameters:
zc = 9 zm = 8 zs = 0 f = 0 IDAT size = 35062
Output IDAT size = 35062 bytes (2214 bytes decrease)
Output file size = 35140 bytes (3042 bytes = 7.97% decrease)
** Processing: /home/hornik/tmp/R.check/r-patched-gcc/Work/PKGS/ale.Rcheck/vign_test/ale/vignettes/ale-intro_files/figure-html/print-all-ale_ixn-2.png
672x672 pixels, 8 bits/pixel, 256 colors in palette
Reducing image to 8 bits/pixel, grayscale
Input IDAT size = 32029 bytes
Input file size = 32923 bytes
Trying:
zc = 9 zm = 8 zs = 0 f = 0 IDAT size = 29746
zc = 9 zm = 8 zs = 1 f = 0
zc = 1 zm = 8 zs = 2 f = 0
zc = 9 zm = 8 zs = 3 f = 0
zc = 9 zm = 8 zs = 0 f = 5
zc = 9 zm = 8 zs = 1 f = 5
zc = 1 zm = 8 zs = 2 f = 5
zc = 9 zm = 8 zs = 3 f = 5
Selecting parameters:
zc = 9 zm = 8 zs = 0 f = 0 IDAT size = 29746
Output IDAT size = 29746 bytes (2283 bytes decrease)
Output file size = 29824 bytes (3099 bytes = 9.41% decrease)
** Processing: /home/hornik/tmp/R.check/r-patched-gcc/Work/PKGS/ale.Rcheck/vign_test/ale/vignettes/ale-intro_files/figure-html/print-all-ale_ixn-3.png
672x672 pixels, 8 bits/pixel, 256 colors in palette
Reducing image to 8 bits/pixel, grayscale
Input IDAT size = 24677 bytes
Input file size = 25571 bytes
Trying:
zc = 9 zm = 8 zs = 0 f = 0 IDAT size = 22728
zc = 9 zm = 8 zs = 1 f = 0
zc = 1 zm = 8 zs = 2 f = 0
zc = 9 zm = 8 zs = 3 f = 0
zc = 9 zm = 8 zs = 0 f = 5
zc = 9 zm = 8 zs = 1 f = 5
zc = 1 zm = 8 zs = 2 f = 5
zc = 9 zm = 8 zs = 3 f = 5
Selecting parameters:
zc = 9 zm = 8 zs = 0 f = 0 IDAT size = 22728
Output IDAT size = 22728 bytes (1949 bytes decrease)
Output file size = 22806 bytes (2765 bytes = 10.81% decrease)
** Processing: /home/hornik/tmp/R.check/r-patched-gcc/Work/PKGS/ale.Rcheck/vign_test/ale/vignettes/ale-intro_files/figure-html/print-all-ale_ixn-4.png
672x672 pixels, 8 bits/pixel, 256 colors in palette
Reducing image to 8 bits/pixel, grayscale
Input IDAT size = 17803 bytes
Input file size = 18685 bytes
Trying:
zc = 9 zm = 8 zs = 0 f = 0 IDAT size = 15821
zc = 9 zm = 8 zs = 1 f = 0
zc = 1 zm = 8 zs = 2 f = 0
zc = 9 zm = 8 zs = 3 f = 0
zc = 9 zm = 8 zs = 0 f = 5
zc = 9 zm = 8 zs = 1 f = 5
zc = 1 zm = 8 zs = 2 f = 5
zc = 9 zm = 8 zs = 3 f = 5
Selecting parameters:
zc = 9 zm = 8 zs = 0 f = 0 IDAT size = 15821
Output IDAT size = 15821 bytes (1982 bytes decrease)
Output file size = 15899 bytes (2786 bytes = 14.91% decrease)
** Processing: /home/hornik/tmp/R.check/r-patched-gcc/Work/PKGS/ale.Rcheck/vign_test/ale/vignettes/ale-intro_files/figure-html/print-all-ale_ixn-5.png
672x672 pixels, 8 bits/pixel, 256 colors in palette
Reducing image to 8 bits/pixel, grayscale
Input IDAT size = 10930 bytes
Input file size = 11800 bytes
Trying:
zc = 9 zm = 8 zs = 0 f = 0 IDAT size = 9373
zc = 9 zm = 8 zs = 1 f = 0
zc = 1 zm = 8 zs = 2 f = 0
zc = 9 zm = 8 zs = 3 f = 0
zc = 9 zm = 8 zs = 0 f = 5
zc = 9 zm = 8 zs = 1 f = 5
zc = 1 zm = 8 zs = 2 f = 5
zc = 9 zm = 8 zs = 3 f = 5
Selecting parameters:
zc = 9 zm = 8 zs = 0 f = 0 IDAT size = 9373
Output IDAT size = 9373 bytes (1557 bytes decrease)
Output file size = 9451 bytes (2349 bytes = 19.91% decrease)
** Processing: /home/hornik/tmp/R.check/r-patched-gcc/Work/PKGS/ale.Rcheck/vign_test/ale/vignettes/ale-intro_files/figure-html/print-specific-ixn-1.png
480x288 pixels, 8 bits/pixel, 256 colors in palette
Reducing image to 8 bits/pixel, grayscale
Input IDAT size = 8787 bytes
Input file size = 9657 bytes
Trying:
zc = 9 zm = 8 zs = 0 f = 0 IDAT size = 7941
zc = 9 zm = 8 zs = 1 f = 0
zc = 1 zm = 8 zs = 2 f = 0
zc = 9 zm = 8 zs = 3 f = 0
zc = 9 zm = 8 zs = 0 f = 5
zc = 9 zm = 8 zs = 1 f = 5
zc = 1 zm = 8 zs = 2 f = 5
zc = 9 zm = 8 zs = 3 f = 5
Selecting parameters:
zc = 9 zm = 8 zs = 0 f = 0 IDAT size = 7941
Output IDAT size = 7941 bytes (846 bytes decrease)
Output file size = 8019 bytes (1638 bytes = 16.96% decrease)
--- finished re-building ‘ale-intro.Rmd’
--- re-building ‘ale-small-datasets.Rmd’ using rmarkdown
** Processing: /home/hornik/tmp/R.check/r-patched-gcc/Work/PKGS/ale.Rcheck/vign_test/ale/vignettes/ale-small-datasets_files/figure-html/lm_simple-1.png
672x672 pixels, 8 bits/pixel, 256 colors in palette
Reducing image to 8 bits/pixel, grayscale
Input IDAT size = 33672 bytes
Input file size = 34578 bytes
Trying:
zc = 9 zm = 8 zs = 0 f = 0 IDAT size = 31317
zc = 9 zm = 8 zs = 1 f = 0
zc = 1 zm = 8 zs = 2 f = 0
zc = 9 zm = 8 zs = 3 f = 0
zc = 9 zm = 8 zs = 0 f = 5
zc = 9 zm = 8 zs = 1 f = 5
zc = 1 zm = 8 zs = 2 f = 5
zc = 9 zm = 8 zs = 3 f = 5
Selecting parameters:
zc = 9 zm = 8 zs = 0 f = 0 IDAT size = 31317
Output IDAT size = 31317 bytes (2355 bytes decrease)
Output file size = 31395 bytes (3183 bytes = 9.21% decrease)
** Processing: /home/hornik/tmp/R.check/r-patched-gcc/Work/PKGS/ale.Rcheck/vign_test/ale/vignettes/ale-small-datasets_files/figure-html/lm_ixn-1.png
672x672 pixels, 8 bits/pixel, 256 colors in palette
Reducing image to 8 bits/pixel, grayscale
Input IDAT size = 39453 bytes
Input file size = 40359 bytes
Trying:
zc = 9 zm = 8 zs = 0 f = 0 IDAT size = 37161
zc = 9 zm = 8 zs = 1 f = 0 IDAT size = 37113
zc = 1 zm = 8 zs = 2 f = 0
zc = 9 zm = 8 zs = 3 f = 0
zc = 9 zm = 8 zs = 0 f = 5
zc = 9 zm = 8 zs = 1 f = 5
zc = 1 zm = 8 zs = 2 f = 5
zc = 9 zm = 8 zs = 3 f = 5
Selecting parameters:
zc = 9 zm = 8 zs = 1 f = 0 IDAT size = 37113
Output IDAT size = 37113 bytes (2340 bytes decrease)
Output file size = 37191 bytes (3168 bytes = 7.85% decrease)
** Processing: /home/hornik/tmp/R.check/r-patched-gcc/Work/PKGS/ale.Rcheck/vign_test/ale/vignettes/ale-small-datasets_files/figure-html/lm_ixn-2.png
672x672 pixels, 8 bits/pixel, 256 colors in palette
Reducing image to 8 bits/pixel, grayscale
Input IDAT size = 32641 bytes
Input file size = 33535 bytes
Trying:
zc = 9 zm = 8 zs = 0 f = 0 IDAT size = 30333
zc = 9 zm = 8 zs = 1 f = 0
zc = 1 zm = 8 zs = 2 f = 0
zc = 9 zm = 8 zs = 3 f = 0
zc = 9 zm = 8 zs = 0 f = 5
zc = 9 zm = 8 zs = 1 f = 5
zc = 1 zm = 8 zs = 2 f = 5
zc = 9 zm = 8 zs = 3 f = 5
Selecting parameters:
zc = 9 zm = 8 zs = 0 f = 0 IDAT size = 30333
Output IDAT size = 30333 bytes (2308 bytes decrease)
Output file size = 30411 bytes (3124 bytes = 9.32% decrease)
** Processing: /home/hornik/tmp/R.check/r-patched-gcc/Work/PKGS/ale.Rcheck/vign_test/ale/vignettes/ale-small-datasets_files/figure-html/lm_ixn-3.png
672x672 pixels, 8 bits/pixel, 256 colors in palette
Reducing image to 8 bits/pixel, grayscale
Input IDAT size = 25022 bytes
Input file size = 25916 bytes
Trying:
zc = 9 zm = 8 zs = 0 f = 0 IDAT size = 23229
zc = 9 zm = 8 zs = 1 f = 0
zc = 1 zm = 8 zs = 2 f = 0
zc = 9 zm = 8 zs = 3 f = 0
zc = 9 zm = 8 zs = 0 f = 5
zc = 9 zm = 8 zs = 1 f = 5
zc = 1 zm = 8 zs = 2 f = 5
zc = 9 zm = 8 zs = 3 f = 5
Selecting parameters:
zc = 9 zm = 8 zs = 0 f = 0 IDAT size = 23229
Output IDAT size = 23229 bytes (1793 bytes decrease)
Output file size = 23307 bytes (2609 bytes = 10.07% decrease)
** Processing: /home/hornik/tmp/R.check/r-patched-gcc/Work/PKGS/ale.Rcheck/vign_test/ale/vignettes/ale-small-datasets_files/figure-html/lm_ixn-4.png
672x672 pixels, 8 bits/pixel, 256 colors in palette
Reducing image to 8 bits/pixel, grayscale
Input IDAT size = 18172 bytes
Input file size = 19054 bytes
Trying:
zc = 9 zm = 8 zs = 0 f = 0 IDAT size = 16266
zc = 9 zm = 8 zs = 1 f = 0 IDAT size = 16235
zc = 1 zm = 8 zs = 2 f = 0
zc = 9 zm = 8 zs = 3 f = 0
zc = 9 zm = 8 zs = 0 f = 5
zc = 9 zm = 8 zs = 1 f = 5
zc = 1 zm = 8 zs = 2 f = 5
zc = 9 zm = 8 zs = 3 f = 5
Selecting parameters:
zc = 9 zm = 8 zs = 1 f = 0 IDAT size = 16235
Output IDAT size = 16235 bytes (1937 bytes decrease)
Output file size = 16313 bytes (2741 bytes = 14.39% decrease)
** Processing: /home/hornik/tmp/R.check/r-patched-gcc/Work/PKGS/ale.Rcheck/vign_test/ale/vignettes/ale-small-datasets_files/figure-html/lm_ixn-5.png
672x672 pixels, 8 bits/pixel, 256 colors in palette
Reducing image to 8 bits/pixel, grayscale
Input IDAT size = 11834 bytes
Input file size = 12704 bytes
Trying:
zc = 9 zm = 8 zs = 0 f = 0 IDAT size = 9345
zc = 9 zm = 8 zs = 1 f = 0
zc = 1 zm = 8 zs = 2 f = 0
zc = 9 zm = 8 zs = 3 f = 0
zc = 9 zm = 8 zs = 0 f = 5
zc = 9 zm = 8 zs = 1 f = 5
zc = 1 zm = 8 zs = 2 f = 5
zc = 9 zm = 8 zs = 3 f = 5
Selecting parameters:
zc = 9 zm = 8 zs = 0 f = 0 IDAT size = 9345
Output IDAT size = 9345 bytes (2489 bytes decrease)
Output file size = 9423 bytes (3281 bytes = 25.83% decrease)
** Processing: /home/hornik/tmp/R.check/r-patched-gcc/Work/PKGS/ale.Rcheck/vign_test/ale/vignettes/ale-small-datasets_files/figure-html/lm_full_ale-1.png
672x672 pixels, 8 bits/pixel, 256 colors in palette
Reducing image to 8 bits/pixel, grayscale
Input IDAT size = 40437 bytes
Input file size = 41343 bytes
Trying:
zc = 9 zm = 8 zs = 0 f = 0 IDAT size = 37406
zc = 9 zm = 8 zs = 1 f = 0
zc = 1 zm = 8 zs = 2 f = 0
zc = 9 zm = 8 zs = 3 f = 0
zc = 9 zm = 8 zs = 0 f = 5
zc = 9 zm = 8 zs = 1 f = 5
zc = 1 zm = 8 zs = 2 f = 5
zc = 9 zm = 8 zs = 3 f = 5
Selecting parameters:
zc = 9 zm = 8 zs = 0 f = 0 IDAT size = 37406
Output IDAT size = 37406 bytes (3031 bytes decrease)
Output file size = 37484 bytes (3859 bytes = 9.33% decrease)
** Processing: /home/hornik/tmp/R.check/r-patched-gcc/Work/PKGS/ale.Rcheck/vign_test/ale/vignettes/ale-small-datasets_files/figure-html/gam_simple-1.png
672x672 pixels, 8 bits/pixel, 256 colors in palette
Reducing image to 8 bits/pixel, grayscale
Input IDAT size = 33965 bytes
Input file size = 34871 bytes
Trying:
zc = 9 zm = 8 zs = 0 f = 0 IDAT size = 31529
zc = 9 zm = 8 zs = 1 f = 0
zc = 1 zm = 8 zs = 2 f = 0
zc = 9 zm = 8 zs = 3 f = 0
zc = 9 zm = 8 zs = 0 f = 5
zc = 9 zm = 8 zs = 1 f = 5
zc = 1 zm = 8 zs = 2 f = 5
zc = 9 zm = 8 zs = 3 f = 5
Selecting parameters:
zc = 9 zm = 8 zs = 0 f = 0 IDAT size = 31529
Output IDAT size = 31529 bytes (2436 bytes decrease)
Output file size = 31607 bytes (3264 bytes = 9.36% decrease)
** Processing: /home/hornik/tmp/R.check/r-patched-gcc/Work/PKGS/ale.Rcheck/vign_test/ale/vignettes/ale-small-datasets_files/figure-html/gam_full_ale-1.png
672x672 pixels, 8 bits/pixel, 256 colors in palette
Reducing image to 8 bits/pixel, grayscale
Input IDAT size = 45160 bytes
Input file size = 46078 bytes
Trying:
zc = 9 zm = 8 zs = 0 f = 0 IDAT size = 41526
zc = 9 zm = 8 zs = 1 f = 0
zc = 1 zm = 8 zs = 2 f = 0
zc = 9 zm = 8 zs = 3 f = 0
zc = 9 zm = 8 zs = 0 f = 5
zc = 9 zm = 8 zs = 1 f = 5
zc = 1 zm = 8 zs = 2 f = 5
zc = 9 zm = 8 zs = 3 f = 5
Selecting parameters:
zc = 9 zm = 8 zs = 0 f = 0 IDAT size = 41526
Output IDAT size = 41526 bytes (3634 bytes decrease)
Output file size = 41604 bytes (4474 bytes = 9.71% decrease)
--- finished re-building ‘ale-small-datasets.Rmd’
--- re-building ‘ale-statistics.Rmd’ using rmarkdown
Quitting from lines 160-170 [p_funs] (ale-statistics.Rmd)
Error: processing vignette 'ale-statistics.Rmd' failed with diagnostics:
cannot open the connection to 'https://github.com/tripartio/ale/raw/main/download/gam_math_p_funs.rds'
--- failed re-building ‘ale-statistics.Rmd’
--- re-building ‘ale-x-datatypes.Rmd’ using rmarkdown
** Processing: /home/hornik/tmp/R.check/r-patched-gcc/Work/PKGS/ale.Rcheck/vign_test/ale/vignettes/ale-x-datatypes_files/figure-html/cars_ale-1.png
672x1344 pixels, 8 bits/pixel, 256 colors in palette
Reducing image to 8 bits/pixel, grayscale
Input IDAT size = 56745 bytes
Input file size = 57675 bytes
Trying:
zc = 9 zm = 8 zs = 0 f = 0 IDAT size = 52030
zc = 9 zm = 8 zs = 1 f = 0
zc = 1 zm = 8 zs = 2 f = 0
zc = 9 zm = 8 zs = 3 f = 0
zc = 9 zm = 8 zs = 0 f = 5
zc = 9 zm = 8 zs = 1 f = 5
zc = 1 zm = 8 zs = 2 f = 5
zc = 9 zm = 8 zs = 3 f = 5
Selecting parameters:
zc = 9 zm = 8 zs = 0 f = 0 IDAT size = 52030
Output IDAT size = 52030 bytes (4715 bytes decrease)
Output file size = 52108 bytes (5567 bytes = 9.65% decrease)
** Processing: /home/hornik/tmp/R.check/r-patched-gcc/Work/PKGS/ale.Rcheck/vign_test/ale/vignettes/ale-x-datatypes_files/figure-html/cars_ale_ixn-1.png
672x672 pixels, 8 bits/pixel, 256 colors in palette
Reducing image to 8 bits/pixel, grayscale
Input IDAT size = 42847 bytes
Input file size = 43765 bytes
Trying:
zc = 9 zm = 8 zs = 0 f = 0 IDAT size = 40286
zc = 9 zm = 8 zs = 1 f = 0
zc = 1 zm = 8 zs = 2 f = 0
zc = 9 zm = 8 zs = 3 f = 0
zc = 9 zm = 8 zs = 0 f = 5
zc = 9 zm = 8 zs = 1 f = 5
zc = 1 zm = 8 zs = 2 f = 5
zc = 9 zm = 8 zs = 3 f = 5
Selecting parameters:
zc = 9 zm = 8 zs = 0 f = 0 IDAT size = 40286
Output IDAT size = 40286 bytes (2561 bytes decrease)
Output file size = 40364 bytes (3401 bytes = 7.77% decrease)
** Processing: /home/hornik/tmp/R.check/r-patched-gcc/Work/PKGS/ale.Rcheck/vign_test/ale/vignettes/ale-x-datatypes_files/figure-html/cars_ale_ixn-2.png
672x672 pixels, 8 bits/pixel, 256 colors in palette
Reducing image to 8 bits/pixel, grayscale
Input IDAT size = 35914 bytes
Input file size = 36820 bytes
Trying:
zc = 9 zm = 8 zs = 0 f = 0 IDAT size = 33696
zc = 9 zm = 8 zs = 1 f = 0 IDAT size = 33651
zc = 1 zm = 8 zs = 2 f = 0
zc = 9 zm = 8 zs = 3 f = 0
zc = 9 zm = 8 zs = 0 f = 5
zc = 9 zm = 8 zs = 1 f = 5
zc = 1 zm = 8 zs = 2 f = 5
zc = 9 zm = 8 zs = 3 f = 5
Selecting parameters:
zc = 9 zm = 8 zs = 1 f = 0 IDAT size = 33651
Output IDAT size = 33651 bytes (2263 bytes decrease)
Output file size = 33729 bytes (3091 bytes = 8.39% decrease)
** Processing: /home/hornik/tmp/R.check/r-patched-gcc/Work/PKGS/ale.Rcheck/vign_test/ale/vignettes/ale-x-datatypes_files/figure-html/cars_ale_ixn-3.png
672x672 pixels, 8 bits/pixel, 256 colors in palette
Reducing image to 8 bits/pixel, grayscale
Input IDAT size = 29787 bytes
Input file size = 30681 bytes
Trying:
zc = 9 zm = 8 zs = 0 f = 0 IDAT size = 27437
zc = 9 zm = 8 zs = 1 f = 0
zc = 1 zm = 8 zs = 2 f = 0
zc = 9 zm = 8 zs = 3 f = 0
zc = 9 zm = 8 zs = 0 f = 5
zc = 9 zm = 8 zs = 1 f = 5
zc = 1 zm = 8 zs = 2 f = 5
zc = 9 zm = 8 zs = 3 f = 5
Selecting parameters:
zc = 9 zm = 8 zs = 0 f = 0 IDAT size = 27437
Output IDAT size = 27437 bytes (2350 bytes decrease)
Output file size = 27515 bytes (3166 bytes = 10.32% decrease)
** Processing: /home/hornik/tmp/R.check/r-patched-gcc/Work/PKGS/ale.Rcheck/vign_test/ale/vignettes/ale-x-datatypes_files/figure-html/cars_ale_ixn-4.png
672x672 pixels, 8 bits/pixel, 256 colors in palette
Reducing image to 8 bits/pixel, grayscale
Input IDAT size = 20142 bytes
Input file size = 21024 bytes
Trying:
zc = 9 zm = 8 zs = 0 f = 0 IDAT size = 18723
zc = 9 zm = 8 zs = 1 f = 0
zc = 1 zm = 8 zs = 2 f = 0
zc = 9 zm = 8 zs = 3 f = 0
zc = 9 zm = 8 zs = 0 f = 5
zc = 9 zm = 8 zs = 1 f = 5
zc = 1 zm = 8 zs = 2 f = 5
zc = 9 zm = 8 zs = 3 f = 5
Selecting parameters:
zc = 9 zm = 8 zs = 0 f = 0 IDAT size = 18723
Output IDAT size = 18723 bytes (1419 bytes decrease)
Output file size = 18801 bytes (2223 bytes = 10.57% decrease)
** Processing: /home/hornik/tmp/R.check/r-patched-gcc/Work/PKGS/ale.Rcheck/vign_test/ale/vignettes/ale-x-datatypes_files/figure-html/cars_ale_ixn-5.png
672x672 pixels, 8 bits/pixel, 256 colors in palette
Reducing image to 8 bits/pixel, grayscale
Input IDAT size = 13926 bytes
Input file size = 14796 bytes
Trying:
zc = 9 zm = 8 zs = 0 f = 0 IDAT size = 12072
zc = 9 zm = 8 zs = 1 f = 0
zc = 1 zm = 8 zs = 2 f = 0
zc = 9 zm = 8 zs = 3 f = 0
zc = 9 zm = 8 zs = 0 f = 5
zc = 9 zm = 8 zs = 1 f = 5
zc = 1 zm = 8 zs = 2 f = 5
zc = 9 zm = 8 zs = 3 f = 5
Selecting parameters:
zc = 9 zm = 8 zs = 0 f = 0 IDAT size = 12072
Output IDAT size = 12072 bytes (1854 bytes decrease)
Output file size = 12150 bytes (2646 bytes = 17.88% decrease)
** Processing: /home/hornik/tmp/R.check/r-patched-gcc/Work/PKGS/ale.Rcheck/vign_test/ale/vignettes/ale-x-datatypes_files/figure-html/cars_ale_ixn-6.png
672x672 pixels, 8 bits/pixel, 256 colors in palette
Reducing image to 8 bits/pixel, grayscale
Input IDAT size = 10211 bytes
Input file size = 11081 bytes
Trying:
zc = 9 zm = 8 zs = 0 f = 0 IDAT size = 9095
zc = 9 zm = 8 zs = 1 f = 0 IDAT size = 9061
zc = 1 zm = 8 zs = 2 f = 0
zc = 9 zm = 8 zs = 3 f = 0
zc = 9 zm = 8 zs = 0 f = 5
zc = 9 zm = 8 zs = 1 f = 5
zc = 1 zm = 8 zs = 2 f = 5
zc = 9 zm = 8 zs = 3 f = 5
Selecting parameters:
zc = 9 zm = 8 zs = 1 f = 0 IDAT size = 9061
Output IDAT size = 9061 bytes (1150 bytes decrease)
Output file size = 9139 bytes (1942 bytes = 17.53% decrease)
** Processing: /home/hornik/tmp/R.check/r-patched-gcc/Work/PKGS/ale.Rcheck/vign_test/ale/vignettes/ale-x-datatypes_files/figure-html/cars_full-1.png
672x1344 pixels, 8 bits/pixel, 256 colors in palette
Reducing image to 8 bits/pixel, grayscale
Input IDAT size = 67328 bytes
Input file size = 68282 bytes
Trying:
zc = 9 zm = 8 zs = 0 f = 0 IDAT size = 61575
zc = 9 zm = 8 zs = 1 f = 0
zc = 1 zm = 8 zs = 2 f = 0
zc = 9 zm = 8 zs = 3 f = 0
zc = 9 zm = 8 zs = 0 f = 5
zc = 9 zm = 8 zs = 1 f = 5
zc = 1 zm = 8 zs = 2 f = 5
zc = 9 zm = 8 zs = 3 f = 5
Selecting parameters:
zc = 9 zm = 8 zs = 0 f = 0 IDAT size = 61575
Output IDAT size = 61575 bytes (5753 bytes decrease)
Output file size = 61653 bytes (6629 bytes = 9.71% decrease)
--- finished re-building ‘ale-x-datatypes.Rmd’
SUMMARY: processing the following file failed:
‘ale-statistics.Rmd’
Error: Vignette re-building failed.
Execution halted
Flavor: r-patched-linux-x86_64
Version: 0.3.0
Check: re-building of vignette outputs
Result: ERROR
Error(s) in re-building vignettes:
--- re-building 'ale-intro.Rmd' using rmarkdown
--- finished re-building 'ale-intro.Rmd'
--- re-building 'ale-small-datasets.Rmd' using rmarkdown
--- finished re-building 'ale-small-datasets.Rmd'
--- re-building 'ale-statistics.Rmd' using rmarkdown
Quitting from lines 160-170 [p_funs] (ale-statistics.Rmd)
Error: processing vignette 'ale-statistics.Rmd' failed with diagnostics:
cannot open the connection to 'https://github.com/tripartio/ale/raw/main/download/gam_math_p_funs.rds'
--- failed re-building 'ale-statistics.Rmd'
--- re-building 'ale-x-datatypes.Rmd' using rmarkdown
--- finished re-building 'ale-x-datatypes.Rmd'
SUMMARY: processing the following file failed:
'ale-statistics.Rmd'
Error: Vignette re-building failed.
Execution halted
Flavor: r-oldrel-windows-x86_64