Last updated on 2025-02-21 02:52:05 CET.
Flavor | Version | Tinstall | Tcheck | Ttotal | Status | Flags |
---|---|---|---|---|---|---|
r-devel-linux-x86_64-debian-clang | 0.1.0 | 1.54 | 19.10 | 20.64 | OK | |
r-devel-linux-x86_64-debian-gcc | 0.1.0 | 1.31 | 16.06 | 17.37 | OK | |
r-devel-linux-x86_64-fedora-clang | 0.1.0 | 34.24 | OK | |||
r-devel-linux-x86_64-fedora-gcc | 0.1.0 | 48.71 | OK | |||
r-devel-macos-arm64 | 0.1.0 | 22.00 | OK | |||
r-devel-macos-x86_64 | 0.1.0 | 44.00 | OK | |||
r-devel-windows-x86_64 | 0.1.0 | 3.00 | 50.00 | 53.00 | OK | |
r-patched-linux-x86_64 | 0.1.0 | 1.50 | 18.42 | 19.92 | NOTE | |
r-release-linux-x86_64 | 0.1.0 | 1.67 | 18.20 | 19.87 | NOTE | |
r-release-macos-arm64 | 0.1.0 | 20.00 | NOTE | |||
r-release-macos-x86_64 | 0.1.0 | 32.00 | NOTE | |||
r-release-windows-x86_64 | 0.1.0 | 3.00 | 41.00 | 44.00 | NOTE | |
r-oldrel-macos-arm64 | 0.1.0 | 22.00 | NOTE | |||
r-oldrel-macos-x86_64 | 0.1.0 | 29.00 | NOTE | |||
r-oldrel-windows-x86_64 | 0.1.0 | 3.00 | 60.00 | 63.00 | NOTE |
Version: 0.1.0
Check: LazyData
Result: NOTE
'LazyData' is specified without a 'data' directory
Flavors: r-patched-linux-x86_64, r-release-linux-x86_64, r-release-macos-arm64, r-release-macos-x86_64, r-release-windows-x86_64, r-oldrel-macos-arm64, r-oldrel-macos-x86_64, r-oldrel-windows-x86_64