Last updated on 2025-02-18 02:50:30 CET.
Flavor | Version | Tinstall | Tcheck | Ttotal | Status | Flags |
---|---|---|---|---|---|---|
r-devel-linux-x86_64-debian-clang | 0.3.4 | 37.75 | 39.02 | 76.77 | NOTE | |
r-devel-linux-x86_64-debian-gcc | 0.3.4 | 25.92 | 28.72 | 54.64 | NOTE | |
r-devel-linux-x86_64-fedora-clang | 0.3.4 | 141.74 | NOTE | |||
r-devel-linux-x86_64-fedora-gcc | 0.3.4 | 151.43 | NOTE | |||
r-devel-macos-arm64 | 0.3.4 | 42.00 | NOTE | |||
r-devel-macos-x86_64 | 0.3.4 | 78.00 | NOTE | |||
r-devel-windows-x86_64 | 0.3.4 | 42.00 | 82.00 | 124.00 | NOTE | |
r-patched-linux-x86_64 | 0.3.4 | 35.68 | 36.63 | 72.31 | NOTE | |
r-release-linux-x86_64 | 0.3.4 | 35.68 | 36.45 | 72.13 | NOTE | |
r-release-macos-arm64 | 0.3.4 | 44.00 | NOTE | |||
r-release-macos-x86_64 | 0.3.4 | 54.00 | NOTE | |||
r-release-windows-x86_64 | 0.3.4 | 40.00 | 78.00 | 118.00 | NOTE | |
r-oldrel-macos-arm64 | 0.3.4 | 49.00 | NOTE | |||
r-oldrel-macos-x86_64 | 0.3.4 | 76.00 | NOTE | |||
r-oldrel-windows-x86_64 | 0.3.4 | 51.00 | 87.00 | 138.00 | NOTE |
Version: 0.3.4
Check: C++ specification
Result: NOTE
Specified C++11: please drop specification unless essential
Flavors: r-devel-linux-x86_64-debian-clang, r-devel-linux-x86_64-debian-gcc, r-devel-linux-x86_64-fedora-clang, r-devel-linux-x86_64-fedora-gcc, r-devel-macos-arm64, r-devel-macos-x86_64, r-devel-windows-x86_64, r-patched-linux-x86_64, r-release-linux-x86_64, r-release-macos-arm64, r-release-macos-x86_64, r-release-windows-x86_64, r-oldrel-macos-arm64, r-oldrel-macos-x86_64, r-oldrel-windows-x86_64