CRAN Package Check Results for Package alphabetr

Last updated on 2025-02-20 14:50:44 CET.

Flavor Version Tinstall Tcheck Ttotal Status Flags
r-devel-linux-x86_64-debian-clang 0.2.2 26.04 116.60 142.64 OK
r-devel-linux-x86_64-debian-gcc 0.2.2 19.09 88.20 107.29 OK
r-devel-linux-x86_64-fedora-clang 0.2.2 265.39 NOTE
r-devel-linux-x86_64-fedora-gcc 0.2.2 284.61 NOTE
r-devel-macos-arm64 0.2.2 79.00 OK
r-devel-macos-x86_64 0.2.2 174.00 OK
r-devel-windows-x86_64 0.2.2 32.00 207.00 239.00 OK
r-patched-linux-x86_64 0.2.2 26.46 120.68 147.14 NOTE
r-release-linux-x86_64 0.2.2 25.01 119.98 144.99 NOTE
r-release-macos-arm64 0.2.2 80.00 NOTE
r-release-macos-x86_64 0.2.2 124.00 NOTE
r-release-windows-x86_64 0.2.2 33.00 216.00 249.00 NOTE
r-oldrel-macos-arm64 0.2.2 94.00 NOTE
r-oldrel-macos-x86_64 0.2.2 155.00 NOTE
r-oldrel-windows-x86_64 0.2.2 36.00 229.00 265.00 NOTE

Check Details

Version: 0.2.2
Check: compiled code
Result: NOTE File ‘alphabetr/libs/alphabetr.so’: Found no calls to: ‘R_registerRoutines’, ‘R_useDynamicSymbols’ It is good practice to register native routines and to disable symbol search. See ‘Writing portable packages’ in the ‘Writing R Extensions’ manual. Flavors: r-devel-linux-x86_64-fedora-clang, r-devel-linux-x86_64-fedora-gcc

Version: 0.2.2
Check: LazyData
Result: NOTE 'LazyData' is specified without a 'data' directory Flavors: r-patched-linux-x86_64, r-release-linux-x86_64, r-release-macos-arm64, r-release-macos-x86_64, r-release-windows-x86_64, r-oldrel-macos-arm64, r-oldrel-macos-x86_64, r-oldrel-windows-x86_64