CRAN Package Check Results for Package amanida

Last updated on 2025-02-21 02:52:05 CET.

Flavor Version Tinstall Tcheck Ttotal Status Flags
r-devel-linux-x86_64-debian-clang 0.3.0 7.65 108.56 116.21 OK
r-devel-linux-x86_64-debian-gcc 0.3.0 5.12 80.88 86.00 OK
r-devel-linux-x86_64-fedora-clang 0.3.0 166.60 NOTE
r-devel-linux-x86_64-fedora-gcc 0.3.0 192.23 NOTE
r-devel-macos-arm64 0.3.0 44.00 OK
r-devel-macos-x86_64 0.3.0 86.00 OK
r-devel-windows-x86_64 0.3.0 9.00 96.00 105.00 OK
r-patched-linux-x86_64 0.3.0 6.00 103.64 109.64 OK
r-release-linux-x86_64 0.3.0 7.46 103.40 110.86 OK
r-release-macos-arm64 0.3.0 44.00 NOTE
r-release-macos-x86_64 0.3.0 119.00 OK
r-release-windows-x86_64 0.3.0 11.00 85.00 96.00 NOTE
r-oldrel-macos-arm64 0.3.0 45.00 NOTE
r-oldrel-macos-x86_64 0.3.0 100.00 NOTE
r-oldrel-windows-x86_64 0.3.0 13.00 105.00 118.00 NOTE

Check Details

Version: 0.3.0
Check: dependencies in R code
Result: NOTE Namespaces in Imports field not imported from: ‘magrittr’ ‘tidyverse’ All declared Imports should be used. Flavors: r-devel-linux-x86_64-fedora-clang, r-devel-linux-x86_64-fedora-gcc

Version: 0.3.0
Check: package dependencies
Result: NOTE Package suggested but not available for checking: ‘metaboliteIDmapping’ Flavors: r-release-macos-arm64, r-release-windows-x86_64, r-oldrel-macos-arm64, r-oldrel-macos-x86_64, r-oldrel-windows-x86_64