Last updated on 2025-02-21 02:52:05 CET.
Flavor | Version | Tinstall | Tcheck | Ttotal | Status | Flags |
---|---|---|---|---|---|---|
r-devel-linux-x86_64-debian-clang | 1.1.0 | 25.07 | 138.20 | 163.27 | OK | |
r-devel-linux-x86_64-debian-gcc | 1.1.0 | 18.88 | 95.03 | 113.91 | OK | |
r-devel-linux-x86_64-fedora-clang | 1.1.0 | 257.92 | NOTE | |||
r-devel-linux-x86_64-fedora-gcc | 1.1.0 | 265.87 | NOTE | |||
r-devel-macos-arm64 | 1.1.0 | 78.00 | OK | |||
r-devel-macos-x86_64 | 1.1.0 | 153.00 | OK | |||
r-devel-windows-x86_64 | 1.1.0 | 26.00 | 146.00 | 172.00 | OK | |
r-patched-linux-x86_64 | 1.1.0 | 24.91 | 127.09 | 152.00 | OK | |
r-release-linux-x86_64 | 1.1.0 | 22.68 | 128.23 | 150.91 | OK | |
r-release-macos-arm64 | 1.1.0 | 78.00 | OK | |||
r-release-macos-x86_64 | 1.1.0 | 111.00 | OK | |||
r-release-windows-x86_64 | 1.1.0 | 28.00 | 145.00 | 173.00 | OK | |
r-oldrel-macos-arm64 | 1.1.0 | 84.00 | OK | |||
r-oldrel-macos-x86_64 | 1.1.0 | 138.00 | OK | |||
r-oldrel-windows-x86_64 | 1.1.0 | 36.00 | 200.00 | 236.00 | OK |
Version: 1.1.0
Check: dependencies in R code
Result: NOTE
Namespace in Imports field not imported from: ‘kernlab’
All declared Imports should be used.
Flavors: r-devel-linux-x86_64-fedora-clang, r-devel-linux-x86_64-fedora-gcc