Last updated on 2025-02-20 14:50:44 CET.
Flavor | Version | Tinstall | Tcheck | Ttotal | Status | Flags |
---|---|---|---|---|---|---|
r-devel-linux-x86_64-debian-clang | 0.0.3.1 | 3.49 | 31.41 | 34.90 | NOTE | |
r-devel-linux-x86_64-debian-gcc | 0.0.3.1 | 2.62 | 24.84 | 27.46 | NOTE | |
r-devel-linux-x86_64-fedora-clang | 0.0.3.1 | 57.20 | NOTE | |||
r-devel-linux-x86_64-fedora-gcc | 0.0.3.1 | 57.21 | NOTE | |||
r-devel-macos-arm64 | 0.0.3.1 | 23.00 | OK | |||
r-devel-macos-x86_64 | 0.0.3.1 | 33.00 | NOTE | |||
r-devel-windows-x86_64 | 0.0.3.1 | 6.00 | 52.00 | 58.00 | NOTE | |
r-patched-linux-x86_64 | 0.0.3.1 | 7.77 | 29.77 | 37.54 | OK | |
r-release-linux-x86_64 | 0.0.3.1 | 3.27 | 30.03 | 33.30 | OK | |
r-release-macos-arm64 | 0.0.3.1 | 23.00 | OK | |||
r-release-macos-x86_64 | 0.0.3.1 | 35.00 | OK | |||
r-release-windows-x86_64 | 0.0.3.1 | 5.00 | 51.00 | 56.00 | OK | |
r-oldrel-macos-arm64 | 0.0.3.1 | 24.00 | OK | |||
r-oldrel-macos-x86_64 | 0.0.3.1 | 41.00 | OK | |||
r-oldrel-windows-x86_64 | 0.0.3.1 | 6.00 | 54.00 | 60.00 | OK |
Version: 0.0.3.1
Check: DESCRIPTION meta-information
Result: NOTE
Missing dependency on R >= 4.1.0 because package code uses the pipe
|> or function shorthand \(...) syntax added in R 4.1.0.
File(s) using such syntax:
‘utils.R’
Flavors: r-devel-linux-x86_64-debian-clang, r-devel-linux-x86_64-debian-gcc, r-devel-linux-x86_64-fedora-clang, r-devel-linux-x86_64-fedora-gcc, r-devel-macos-x86_64, r-devel-windows-x86_64
Version: 0.0.3.1
Check: Rd cross-references
Result: NOTE
Found the following Rd file(s) with Rd \link{} targets missing package
anchors:
annotate.Rd: htmlwidgets
Please provide package anchors for all Rd \link{} targets not in the
package itself and the base packages.
Flavors: r-devel-linux-x86_64-debian-clang, r-devel-linux-x86_64-debian-gcc, r-devel-windows-x86_64