CRAN Package Check Results for Package anoint

Last updated on 2025-02-20 14:50:44 CET.

Flavor Version Tinstall Tcheck Ttotal Status Flags
r-devel-linux-x86_64-debian-clang 1.5 10.08 70.40 80.48 OK
r-devel-linux-x86_64-debian-gcc 1.5 6.78 51.44 58.22 OK
r-devel-linux-x86_64-fedora-clang 1.5 124.88 OK
r-devel-linux-x86_64-fedora-gcc 1.5 123.30 OK
r-devel-macos-arm64 1.5 40.00 OK
r-devel-macos-x86_64 1.5 86.00 OK
r-devel-windows-x86_64 1.5 11.00 93.00 104.00 OK
r-patched-linux-x86_64 1.5 10.10 67.17 77.27 OK
r-release-linux-x86_64 1.5 8.08 65.47 73.55 OK
r-release-macos-arm64 1.5 37.00 OK
r-release-macos-x86_64 1.5 67.00 OK
r-release-windows-x86_64 1.5 11.00 3.00 14.00 FAIL
r-oldrel-macos-arm64 1.5 42.00 OK
r-oldrel-macos-x86_64 1.5 81.00 OK
r-oldrel-windows-x86_64 1.5 13.00 99.00 112.00 OK

Check Details

Version: 1.5
Check: package dependencies
Result: FAIL
Flavor: r-release-windows-x86_64