Last updated on 2025-02-21 02:52:05 CET.
Flavor | Version | Tinstall | Tcheck | Ttotal | Status | Flags |
---|---|---|---|---|---|---|
r-devel-linux-x86_64-debian-clang | 2.8.0 | 24.39 | 200.60 | 224.99 | OK | |
r-devel-linux-x86_64-debian-gcc | 2.8.0 | 13.89 | 137.76 | 151.65 | OK | |
r-devel-linux-x86_64-fedora-clang | 2.8.0 | 356.39 | OK | |||
r-devel-linux-x86_64-fedora-gcc | 2.8.0 | 357.52 | OK | |||
r-devel-macos-arm64 | 2.8.0 | 117.00 | OK | |||
r-devel-macos-x86_64 | 2.8.0 | 234.00 | OK | |||
r-devel-windows-x86_64 | 2.8.0 | 28.00 | 201.00 | 229.00 | OK | |
r-patched-linux-x86_64 | 2.8.0 | 23.79 | 186.74 | 210.53 | OK | |
r-release-linux-x86_64 | 2.8.0 | 23.13 | 186.84 | 209.97 | OK | |
r-release-macos-arm64 | 2.8.0 | 123.00 | NOTE | |||
r-release-macos-x86_64 | 2.8.0 | 242.00 | NOTE | |||
r-release-windows-x86_64 | 2.8.0 | 27.00 | 202.00 | 229.00 | NOTE | |
r-oldrel-macos-arm64 | 2.8.0 | 133.00 | NOTE | |||
r-oldrel-macos-x86_64 | 2.8.0 | 228.00 | NOTE | |||
r-oldrel-windows-x86_64 | 2.8.0 | 32.00 | 245.00 | 277.00 | NOTE |
Version: 2.8.0
Check: installed package size
Result: NOTE
installed size is 7.1Mb
sub-directories of 1Mb or more:
extdata 5.5Mb
Flavors: r-release-macos-arm64, r-release-macos-x86_64, r-release-windows-x86_64, r-oldrel-macos-arm64, r-oldrel-macos-x86_64, r-oldrel-windows-x86_64