Last updated on 2025-02-18 02:50:30 CET.
Flavor | Version | Tinstall | Tcheck | Ttotal | Status | Flags |
---|---|---|---|---|---|---|
r-devel-linux-x86_64-debian-clang | 0.1.0 | 1.89 | 25.84 | 27.73 | OK | |
r-devel-linux-x86_64-debian-gcc | 0.1.0 | 1.56 | 19.76 | 21.32 | OK | |
r-devel-linux-x86_64-fedora-clang | 0.1.0 | 46.02 | NOTE | |||
r-devel-linux-x86_64-fedora-gcc | 0.1.0 | 42.78 | NOTE | |||
r-devel-macos-arm64 | 0.1.0 | 20.00 | OK | |||
r-devel-macos-x86_64 | 0.1.0 | 32.00 | OK | |||
r-devel-windows-x86_64 | 0.1.0 | 3.00 | 49.00 | 52.00 | OK | |
r-patched-linux-x86_64 | 0.1.0 | 2.15 | 24.71 | 26.86 | OK | |
r-release-linux-x86_64 | 0.1.0 | 1.93 | 24.59 | 26.52 | OK | |
r-release-macos-arm64 | 0.1.0 | 19.00 | OK | |||
r-release-macos-x86_64 | 0.1.0 | 29.00 | OK | |||
r-release-windows-x86_64 | 0.1.0 | 3.00 | 52.00 | 55.00 | OK | |
r-oldrel-macos-arm64 | 0.1.0 | 22.00 | OK | |||
r-oldrel-macos-x86_64 | 0.1.0 | 30.00 | OK | |||
r-oldrel-windows-x86_64 | 0.1.0 | 3.00 | 53.00 | 56.00 | OK |
Version: 0.1.0
Check: dependencies in R code
Result: NOTE
Namespace in Imports field not imported from: ‘sp’
All declared Imports should be used.
Flavors: r-devel-linux-x86_64-fedora-clang, r-devel-linux-x86_64-fedora-gcc