Last updated on 2025-02-20 14:50:45 CET.
Flavor | Version | Tinstall | Tcheck | Ttotal | Status | Flags |
---|---|---|---|---|---|---|
r-devel-linux-x86_64-debian-clang | 2.3.8 | 9.88 | 80.99 | 90.87 | NOTE | |
r-devel-linux-x86_64-debian-gcc | 2.3.8 | 5.95 | 55.92 | 61.87 | NOTE | |
r-devel-linux-x86_64-fedora-clang | 2.3.8 | 143.49 | OK | |||
r-devel-linux-x86_64-fedora-gcc | 2.3.8 | 135.73 | OK | |||
r-devel-macos-arm64 | 2.3.8 | 42.00 | OK | |||
r-devel-macos-x86_64 | 2.3.8 | 78.00 | OK | |||
r-devel-windows-x86_64 | 2.3.8 | 12.00 | 114.00 | 126.00 | OK | |
r-patched-linux-x86_64 | 2.3.8 | 12.19 | 74.09 | 86.28 | OK | |
r-release-linux-x86_64 | 2.3.8 | 8.44 | 73.83 | 82.27 | OK | |
r-release-macos-arm64 | 2.3.8 | 40.00 | OK | |||
r-release-macos-x86_64 | 2.3.8 | 99.00 | OK | |||
r-release-windows-x86_64 | 2.3.8 | 12.00 | 112.00 | 124.00 | OK | |
r-oldrel-macos-arm64 | 2.3.8 | 43.00 | OK | |||
r-oldrel-macos-x86_64 | 2.3.8 | 76.00 | OK | |||
r-oldrel-windows-x86_64 | 2.3.8 | 12.00 | 135.00 | 147.00 | OK |
Version: 2.3.8
Check: for unstated dependencies in ‘demo’
Result: NOTE
'library' or 'require' call not declared from: ‘gridExtra’
Flavors: r-devel-linux-x86_64-debian-clang, r-devel-linux-x86_64-debian-gcc