Last updated on 2025-02-21 02:52:05 CET.
Flavor | Version | Tinstall | Tcheck | Ttotal | Status | Flags |
---|---|---|---|---|---|---|
r-devel-linux-x86_64-debian-clang | 0.0.2 | 18.55 | 29.62 | 48.17 | NOTE | |
r-devel-linux-x86_64-debian-gcc | 0.0.2 | 13.63 | 23.44 | 37.07 | NOTE | |
r-devel-linux-x86_64-fedora-clang | 0.0.2 | 87.07 | NOTE | |||
r-devel-linux-x86_64-fedora-gcc | 0.0.2 | 100.08 | NOTE | |||
r-devel-macos-arm64 | 0.0.2 | 32.00 | NOTE | |||
r-devel-macos-x86_64 | 0.0.2 | 56.00 | NOTE | |||
r-devel-windows-x86_64 | 0.0.2 | 20.00 | 64.00 | 84.00 | NOTE | |
r-patched-linux-x86_64 | 0.0.2 | 18.79 | 28.11 | 46.90 | NOTE | |
r-release-linux-x86_64 | 0.0.2 | 18.81 | 27.83 | 46.64 | NOTE | |
r-release-macos-arm64 | 0.0.2 | 36.00 | NOTE | |||
r-release-macos-x86_64 | 0.0.2 | 59.00 | NOTE | |||
r-release-windows-x86_64 | 0.0.2 | 20.00 | 66.00 | 86.00 | NOTE | |
r-oldrel-macos-arm64 | 0.0.2 | 37.00 | NOTE | |||
r-oldrel-macos-x86_64 | 0.0.2 | 59.00 | NOTE | |||
r-oldrel-windows-x86_64 | 0.0.2 | 21.00 | 78.00 | 99.00 | NOTE |
Version: 0.0.2
Check: C++ specification
Result: NOTE
Specified C++11: please drop specification unless essential
Flavors: r-devel-linux-x86_64-debian-clang, r-devel-linux-x86_64-debian-gcc, r-devel-linux-x86_64-fedora-clang, r-devel-linux-x86_64-fedora-gcc, r-devel-macos-arm64, r-devel-macos-x86_64, r-devel-windows-x86_64, r-patched-linux-x86_64, r-release-linux-x86_64, r-release-macos-arm64, r-release-macos-x86_64, r-release-windows-x86_64, r-oldrel-macos-arm64, r-oldrel-macos-x86_64, r-oldrel-windows-x86_64
Version: 0.0.2
Check: LazyData
Result: NOTE
'LazyData' is specified without a 'data' directory
Flavors: r-patched-linux-x86_64, r-release-linux-x86_64, r-release-macos-arm64, r-release-macos-x86_64, r-release-windows-x86_64, r-oldrel-macos-arm64, r-oldrel-macos-x86_64, r-oldrel-windows-x86_64