Last updated on 2025-02-20 14:50:45 CET.
Flavor | Version | Tinstall | Tcheck | Ttotal | Status | Flags |
---|---|---|---|---|---|---|
r-devel-linux-x86_64-debian-clang | 1.2.7 | 10.38 | 106.48 | 116.86 | OK | |
r-devel-linux-x86_64-debian-gcc | 1.2.7 | 7.66 | 76.09 | 83.75 | OK | |
r-devel-linux-x86_64-fedora-clang | 1.2.7 | 181.10 | OK | |||
r-devel-linux-x86_64-fedora-gcc | 1.2.7 | 199.68 | OK | |||
r-devel-macos-arm64 | 1.2.7 | 66.00 | OK | |||
r-devel-macos-x86_64 | 1.2.7 | 135.00 | OK | |||
r-devel-windows-x86_64 | 1.2.7 | 13.00 | 113.00 | 126.00 | OK | |
r-patched-linux-x86_64 | 1.2.7 | 10.02 | 99.96 | 109.98 | OK | |
r-release-linux-x86_64 | 1.2.7 | 10.04 | 98.83 | 108.87 | OK | |
r-release-macos-arm64 | 1.2.7 | 68.00 | OK | |||
r-release-macos-x86_64 | 1.2.7 | 91.00 | OK | |||
r-release-windows-x86_64 | 1.2.7 | 14.00 | 3.00 | 17.00 | FAIL | |
r-oldrel-macos-arm64 | 1.2.7 | 62.00 | OK | |||
r-oldrel-macos-x86_64 | 1.2.7 | 165.00 | OK | |||
r-oldrel-windows-x86_64 | 1.2.7 | 16.00 | 131.00 | 147.00 | OK |
Version: 1.2.7
Check: package dependencies
Result: FAIL
Flavor: r-release-windows-x86_64