Last updated on 2024-05-21 14:57:02 CEST.
Flavor | Version | Tinstall | Tcheck | Ttotal | Status | Flags |
---|---|---|---|---|---|---|
r-devel-linux-x86_64-debian-clang | 0.2-30 | 42.50 | 174.22 | 216.72 | OK | |
r-devel-linux-x86_64-debian-gcc | 0.2-30 | 28.06 | 124.51 | 152.57 | OK | |
r-devel-linux-x86_64-fedora-clang | 0.2-30 | 307.29 | OK | |||
r-devel-linux-x86_64-fedora-gcc | 0.2-30 | 261.18 | OK | |||
r-devel-windows-x86_64 | 0.2-30 | 42.00 | 144.00 | 186.00 | NOTE | |
r-patched-linux-x86_64 | 0.2-30 | 46.68 | 163.96 | 210.64 | OK | |
r-release-linux-x86_64 | 0.2-30 | 39.84 | 163.96 | 203.80 | OK | |
r-release-macos-arm64 | 0.2-30 | 74.00 | OK | |||
r-release-windows-x86_64 | 0.2-30 | 41.00 | 143.00 | 184.00 | NOTE | |
r-oldrel-macos-arm64 | 0.2-30 | 78.00 | OK | |||
r-oldrel-macos-x86_64 | 0.2-30 | 207.00 | OK | |||
r-oldrel-windows-x86_64 | 0.2-30 | 38.00 | 171.00 | 209.00 | NOTE |
Version: 0.2-30
Check: installed package size
Result: NOTE
installed size is 14.3Mb
sub-directories of 1Mb or more:
bin 11.3Mb
misc 2.1Mb
Flavors: r-devel-windows-x86_64, r-release-windows-x86_64, r-oldrel-windows-x86_64