Last updated on 2024-05-21 14:57:02 CEST.
Flavor | Version | Tinstall | Tcheck | Ttotal | Status | Flags |
---|---|---|---|---|---|---|
r-devel-linux-x86_64-debian-clang | 1.3.5 | 10.25 | 261.50 | 271.75 | OK | |
r-devel-linux-x86_64-debian-gcc | 1.3.5 | 8.09 | 194.45 | 202.54 | OK | |
r-devel-linux-x86_64-fedora-clang | 1.3.5 | 356.36 | NOTE | |||
r-devel-linux-x86_64-fedora-gcc | 1.3.5 | 341.36 | OK | |||
r-devel-windows-x86_64 | 1.3.5 | 12.00 | 278.00 | 290.00 | OK | |
r-patched-linux-x86_64 | 1.3.5 | 11.20 | 251.21 | 262.41 | OK | |
r-release-linux-x86_64 | 1.3.5 | 7.49 | 256.34 | 263.83 | OK | |
r-release-macos-arm64 | 1.3.5 | 109.00 | OK | |||
r-release-windows-x86_64 | 1.3.5 | 12.00 | 243.00 | 255.00 | OK | |
r-oldrel-macos-arm64 | 1.3.5 | 117.00 | OK | |||
r-oldrel-macos-x86_64 | 1.3.5 | 264.00 | OK | |||
r-oldrel-windows-x86_64 | 1.3.5 | 14.00 | 306.00 | 320.00 | OK |
Version: 1.3.5
Check: Rd cross-references
Result: NOTE
Undeclared package ‘gtable’ in Rd xrefs
Flavor: r-devel-linux-x86_64-fedora-clang