Last updated on 2025-02-18 02:50:31 CET.
Flavor | Version | Tinstall | Tcheck | Ttotal | Status | Flags |
---|---|---|---|---|---|---|
r-devel-linux-x86_64-debian-clang | 0.3.0 | 2.70 | 142.19 | 144.89 | NOTE | |
r-devel-linux-x86_64-debian-gcc | 0.3.0 | 2.26 | 95.91 | 98.17 | NOTE | |
r-devel-linux-x86_64-fedora-clang | 0.3.0 | 242.78 | NOTE | |||
r-devel-linux-x86_64-fedora-gcc | 0.3.0 | 237.58 | NOTE | |||
r-devel-macos-arm64 | 0.3.0 | 67.00 | NOTE | |||
r-devel-macos-x86_64 | 0.3.0 | 137.00 | NOTE | |||
r-devel-windows-x86_64 | 0.3.0 | 5.00 | 174.00 | 179.00 | NOTE | |
r-patched-linux-x86_64 | 0.3.0 | 3.40 | 133.07 | 136.47 | NOTE | |
r-release-linux-x86_64 | 0.3.0 | 3.31 | 133.45 | 136.76 | NOTE | |
r-release-macos-arm64 | 0.3.0 | 65.00 | NOTE | |||
r-release-macos-x86_64 | 0.3.0 | 99.00 | NOTE | |||
r-release-windows-x86_64 | 0.3.0 | 6.00 | 169.00 | 175.00 | NOTE | |
r-oldrel-macos-arm64 | 0.3.0 | 63.00 | OK | |||
r-oldrel-macos-x86_64 | 0.3.0 | 160.00 | OK | |||
r-oldrel-windows-x86_64 | 0.3.0 | 6.00 | 210.00 | 216.00 | OK |
Version: 0.3.0
Check: Rd files
Result: NOTE
checkRd: (-1) noauto_scorecard.Rd:20: Lost braces; missing escapes or markup?
20 | \item{fit}{See glm {stats}.}
| ^
checkRd: (-1) noauto_scorecard2.Rd:21: Lost braces; missing escapes or markup?
21 | \item{fit}{See glm {stats}.}
| ^
Flavors: r-devel-linux-x86_64-debian-clang, r-devel-linux-x86_64-debian-gcc, r-devel-linux-x86_64-fedora-clang, r-devel-linux-x86_64-fedora-gcc, r-devel-macos-arm64, r-devel-macos-x86_64, r-devel-windows-x86_64, r-patched-linux-x86_64, r-release-linux-x86_64, r-release-macos-arm64, r-release-macos-x86_64, r-release-windows-x86_64