Last updated on 2025-02-21 02:52:05 CET.
Flavor | Version | Tinstall | Tcheck | Ttotal | Status | Flags |
---|---|---|---|---|---|---|
r-devel-linux-x86_64-debian-clang | 0.1.4 | 5.25 | 45.61 | 50.86 | OK | |
r-devel-linux-x86_64-debian-gcc | 0.1.4 | 3.55 | 34.17 | 37.72 | OK | |
r-devel-linux-x86_64-fedora-clang | 0.1.4 | 81.22 | NOTE | |||
r-devel-linux-x86_64-fedora-gcc | 0.1.4 | 77.73 | NOTE | |||
r-devel-macos-arm64 | 0.1.4 | 26.00 | OK | |||
r-devel-macos-x86_64 | 0.1.4 | 51.00 | OK | |||
r-devel-windows-x86_64 | 0.1.4 | 6.00 | 66.00 | 72.00 | OK | |
r-patched-linux-x86_64 | 0.1.4 | 5.12 | 43.27 | 48.39 | OK | |
r-release-linux-x86_64 | 0.1.4 | 5.03 | 43.26 | 48.29 | OK | |
r-release-macos-arm64 | 0.1.4 | 27.00 | OK | |||
r-release-macos-x86_64 | 0.1.4 | 41.00 | OK | |||
r-release-windows-x86_64 | 0.1.4 | 8.00 | 64.00 | 72.00 | OK | |
r-oldrel-macos-arm64 | 0.1.4 | 27.00 | OK | |||
r-oldrel-macos-x86_64 | 0.1.4 | 42.00 | OK | |||
r-oldrel-windows-x86_64 | 0.1.4 | 9.00 | 74.00 | 83.00 | OK |
Version: 0.1.4
Check: dependencies in R code
Result: NOTE
Namespaces in Imports field not imported from:
‘MASS’ ‘broom’ ‘diptest’ ‘ggplot2’ ‘hexbin’ ‘moments’
All declared Imports should be used.
Flavors: r-devel-linux-x86_64-fedora-clang, r-devel-linux-x86_64-fedora-gcc