Last updated on 2024-05-21 02:54:20 CEST.
Flavor | Version | Tinstall | Tcheck | Ttotal | Status | Flags |
---|---|---|---|---|---|---|
r-devel-linux-x86_64-debian-clang | 0.1.4 | 6.78 | 56.88 | 63.66 | OK | |
r-devel-linux-x86_64-debian-gcc | 0.1.4 | 4.22 | 44.40 | 48.62 | OK | |
r-devel-linux-x86_64-fedora-clang | 0.1.4 | 86.11 | NOTE | |||
r-devel-linux-x86_64-fedora-gcc | 0.1.4 | 74.88 | NOTE | |||
r-devel-windows-x86_64 | 0.1.4 | 6.00 | 64.00 | 70.00 | OK | |
r-patched-linux-x86_64 | 0.1.4 | 4.87 | 55.85 | 60.72 | OK | |
r-release-linux-x86_64 | 0.1.4 | 3.96 | 58.32 | 62.28 | OK | |
r-release-macos-arm64 | 0.1.4 | 27.00 | OK | |||
r-release-windows-x86_64 | 0.1.4 | 6.00 | 63.00 | 69.00 | OK | |
r-oldrel-macos-arm64 | 0.1.4 | 27.00 | OK | |||
r-oldrel-macos-x86_64 | 0.1.4 | 42.00 | OK | |||
r-oldrel-windows-x86_64 | 0.1.4 | 8.00 | 75.00 | 83.00 | OK |
Version: 0.1.4
Check: dependencies in R code
Result: NOTE
Namespaces in Imports field not imported from:
‘MASS’ ‘broom’ ‘diptest’ ‘ggplot2’ ‘hexbin’ ‘moments’
All declared Imports should be used.
Flavors: r-devel-linux-x86_64-fedora-clang, r-devel-linux-x86_64-fedora-gcc