Last updated on 2024-05-21 14:57:02 CEST.
Flavor | Version | Tinstall | Tcheck | Ttotal | Status | Flags |
---|---|---|---|---|---|---|
r-devel-linux-x86_64-debian-clang | 0.0.2 | 2.18 | 23.61 | 25.79 | OK | |
r-devel-linux-x86_64-debian-gcc | 0.0.2 | 1.69 | 18.86 | 20.55 | OK | |
r-devel-linux-x86_64-fedora-clang | 0.0.2 | 35.51 | NOTE | |||
r-devel-linux-x86_64-fedora-gcc | 0.0.2 | 31.06 | NOTE | |||
r-devel-windows-x86_64 | 0.0.2 | 4.00 | 40.00 | 44.00 | OK | |
r-patched-linux-x86_64 | 0.0.2 | 1.80 | 23.14 | 24.94 | OK | |
r-release-linux-x86_64 | 0.0.2 | 1.89 | 22.66 | 24.55 | OK | |
r-release-macos-arm64 | 0.0.2 | 15.00 | OK | |||
r-release-macos-x86_64 | 0.0.2 | 34.00 | OK | |||
r-release-windows-x86_64 | 0.0.2 | 3.00 | 42.00 | 45.00 | OK | |
r-oldrel-macos-arm64 | 0.0.2 | 33.00 | OK | |||
r-oldrel-macos-x86_64 | 0.0.2 | 32.00 | OK | |||
r-oldrel-windows-x86_64 | 0.0.2 | 3.00 | 42.00 | 45.00 | OK |
Version: 0.0.2
Check: data for non-ASCII characters
Result: NOTE
Note: found 1224 marked UTF-8 strings
Flavors: r-devel-linux-x86_64-fedora-clang, r-devel-linux-x86_64-fedora-gcc