Last updated on 2025-05-29 02:50:43 CEST.
Flavor | Version | Tinstall | Tcheck | Ttotal | Status | Flags |
---|---|---|---|---|---|---|
r-devel-linux-x86_64-debian-clang | 0.2.1 | 1.98 | 24.78 | 26.76 | NOTE | |
r-devel-linux-x86_64-debian-gcc | 0.2.1 | 1.47 | 20.06 | 21.53 | NOTE | |
r-devel-linux-x86_64-fedora-clang | 0.2.1 | 39.61 | OK | |||
r-devel-linux-x86_64-fedora-gcc | 0.2.1 | 56.92 | OK | |||
r-devel-windows-x86_64 | 0.2.1 | 6.00 | 64.00 | 70.00 | OK | |
r-patched-linux-x86_64 | 0.2.1 | 2.26 | 22.45 | 24.71 | OK | |
r-release-linux-x86_64 | 0.2.1 | 1.84 | 22.72 | 24.56 | OK | |
r-release-macos-arm64 | 0.2.1 | 58.00 | OK | |||
r-release-macos-x86_64 | 0.2.1 | 60.00 | OK | |||
r-release-windows-x86_64 | 0.2.1 | 6.00 | 64.00 | 70.00 | OK | |
r-oldrel-macos-arm64 | 0.2.1 | 29.00 | OK | |||
r-oldrel-macos-x86_64 | 0.2.1 | 44.00 | OK | |||
r-oldrel-windows-x86_64 | 0.2.1 | 6.00 | 67.00 | 73.00 | OK |
Version: 0.2.1
Check: CRAN incoming feasibility
Result: NOTE
Maintainer: ‘Antoine Sachet <antoine.sac@gmail.com>’
Package CITATION file contains call(s) to old-style personList() or
as.personList(). Please use c() on person objects instead.
Package CITATION file contains call(s) to old-style citEntry(). Please
use bibentry() instead.
Flavors: r-devel-linux-x86_64-debian-clang, r-devel-linux-x86_64-debian-gcc