Last updated on 2025-02-21 02:52:06 CET.
Flavor | Version | Tinstall | Tcheck | Ttotal | Status | Flags |
---|---|---|---|---|---|---|
r-devel-linux-x86_64-debian-clang | 0.1.6 | 65.18 | 345.34 | 410.52 | OK | |
r-devel-linux-x86_64-debian-gcc | 0.1.6 | 47.52 | 232.02 | 279.54 | OK | |
r-devel-linux-x86_64-fedora-clang | 0.1.6 | 729.23 | OK | |||
r-devel-linux-x86_64-fedora-gcc | 0.1.6 | 677.60 | OK | |||
r-devel-macos-arm64 | 0.1.6 | 216.00 | OK | |||
r-devel-macos-x86_64 | 0.1.6 | 413.00 | OK | |||
r-devel-windows-x86_64 | 0.1.6 | 75.00 | 443.00 | 518.00 | OK | |
r-patched-linux-x86_64 | 0.1.6 | 64.62 | 327.91 | 392.53 | NOTE | |
r-release-linux-x86_64 | 0.1.6 | 63.54 | 327.55 | 391.09 | NOTE | |
r-release-macos-arm64 | 0.1.6 | 176.00 | NOTE | |||
r-release-macos-x86_64 | 0.1.6 | 340.00 | NOTE | |||
r-release-windows-x86_64 | 0.1.6 | 76.00 | 443.00 | 519.00 | NOTE | |
r-oldrel-macos-arm64 | 0.1.5 | 180.00 | NOTE | |||
r-oldrel-macos-x86_64 | 0.1.6 | 368.00 | NOTE | |||
r-oldrel-windows-x86_64 | 0.1.6 | 95.00 | 527.00 | 622.00 | NOTE |
Version: 0.1.6
Check: package dependencies
Result: NOTE
Package suggested but not available for checking: ‘lixoftConnectors’
Flavors: r-patched-linux-x86_64, r-release-linux-x86_64, r-release-macos-arm64, r-release-macos-x86_64, r-release-windows-x86_64, r-oldrel-macos-x86_64, r-oldrel-windows-x86_64
Version: 0.1.5
Check: package dependencies
Result: NOTE
Package suggested but not available for checking: ‘lixoftConnectors’
Flavor: r-oldrel-macos-arm64