Last updated on 2025-02-20 14:50:45 CET.
Flavor | Version | Tinstall | Tcheck | Ttotal | Status | Flags |
---|---|---|---|---|---|---|
r-devel-linux-x86_64-debian-clang | 0.2.4 | 5.43 | 43.77 | 49.20 | OK | |
r-devel-linux-x86_64-debian-gcc | 0.2.4 | 3.64 | 31.89 | 35.53 | OK | |
r-devel-linux-x86_64-fedora-clang | 0.2.4 | 78.90 | OK | |||
r-devel-linux-x86_64-fedora-gcc | 0.2.4 | 74.49 | OK | |||
r-devel-macos-arm64 | 0.2.4 | 28.00 | OK | |||
r-devel-macos-x86_64 | 0.2.4 | 53.00 | OK | |||
r-devel-windows-x86_64 | 0.2.4 | 7.00 | 76.00 | 83.00 | OK | |
r-patched-linux-x86_64 | 0.2.4 | 5.08 | 40.16 | 45.24 | OK | |
r-release-linux-x86_64 | 0.2.4 | 4.54 | 40.55 | 45.09 | OK | |
r-release-macos-arm64 | 0.2.4 | 32.00 | OK | |||
r-release-macos-x86_64 | 0.2.4 | 80.00 | OK | |||
r-release-windows-x86_64 | 0.2.4 | 7.00 | 3.00 | 10.00 | FAIL | |
r-oldrel-macos-arm64 | 0.2.4 | 37.00 | OK | |||
r-oldrel-macos-x86_64 | 0.2.4 | 60.00 | OK | |||
r-oldrel-windows-x86_64 | 0.2.4 | 10.00 | 69.00 | 79.00 | OK |
Version: 0.2.4
Check: package dependencies
Result: FAIL
Flavor: r-release-windows-x86_64