Last updated on 2025-02-20 14:50:45 CET.
Flavor | Version | Tinstall | Tcheck | Ttotal | Status | Flags |
---|---|---|---|---|---|---|
r-devel-linux-x86_64-debian-clang | 1.1.0 | 12.08 | 136.48 | 148.56 | OK | |
r-devel-linux-x86_64-debian-gcc | 1.1.0 | 9.38 | 98.52 | 107.90 | OK | |
r-devel-linux-x86_64-fedora-clang | 1.1.0 | 228.28 | OK | |||
r-devel-linux-x86_64-fedora-gcc | 1.1.0 | 215.83 | OK | |||
r-devel-macos-arm64 | 1.1.0 | 58.00 | OK | |||
r-devel-macos-x86_64 | 1.1.0 | 125.00 | OK | |||
r-devel-windows-x86_64 | 1.1.0 | 12.00 | 136.00 | 148.00 | OK | |
r-patched-linux-x86_64 | 1.1.0 | 11.54 | 123.70 | 135.24 | OK | |
r-release-linux-x86_64 | 1.1.0 | 11.65 | 123.61 | 135.26 | OK | |
r-release-macos-arm64 | 1.1.0 | 75.00 | OK | |||
r-release-macos-x86_64 | 1.1.0 | 125.00 | OK | |||
r-release-windows-x86_64 | 1.1.0 | 14.00 | 3.00 | 17.00 | FAIL | |
r-oldrel-macos-arm64 | 1.0.2 | 63.00 | OK | |||
r-oldrel-macos-x86_64 | 1.1.0 | 134.00 | OK | |||
r-oldrel-windows-x86_64 | 1.1.0 | 18.00 | 158.00 | 176.00 | OK |
Version: 1.1.0
Check: package dependencies
Result: FAIL
Flavor: r-release-windows-x86_64