Last updated on 2025-02-21 02:52:06 CET.
Flavor | Version | Tinstall | Tcheck | Ttotal | Status | Flags |
---|---|---|---|---|---|---|
r-devel-linux-x86_64-debian-clang | 0.0.3 | 349.84 | 144.59 | 494.43 | NOTE | |
r-devel-linux-x86_64-debian-gcc | 0.0.3 | 324.71 | 134.37 | 459.08 | NOTE | |
r-devel-linux-x86_64-fedora-clang | 0.0.3 | 753.50 | NOTE | |||
r-devel-linux-x86_64-fedora-gcc | 0.0.3 | 1042.88 | NOTE | |||
r-devel-macos-arm64 | 0.0.3 | 210.00 | OK | |||
r-devel-macos-x86_64 | 0.0.3 | 360.00 | OK | |||
r-devel-windows-x86_64 | 0.0.3 | 337.00 | 194.00 | 531.00 | NOTE | |
r-patched-linux-x86_64 | 0.0.3 | 421.74 | 174.18 | 595.92 | NOTE | |
r-release-linux-x86_64 | 0.0.3 | 415.01 | 171.06 | 586.07 | NOTE | |
r-release-macos-arm64 | 0.0.3 | 113.00 | NOTE | |||
r-release-macos-x86_64 | 0.0.3 | 133.00 | NOTE | |||
r-release-windows-x86_64 | 0.0.3 | 350.00 | 197.00 | 547.00 | NOTE | |
r-oldrel-macos-arm64 | 0.0.3 | 278.00 | NOTE | |||
r-oldrel-macos-x86_64 | 0.0.3 | 413.00 | NOTE | |||
r-oldrel-windows-x86_64 | 0.0.3 | 458.00 | 228.00 | 686.00 | NOTE |
Version: 0.0.3
Check: Rd cross-references
Result: NOTE
Found the following Rd file(s) with Rd \link{} targets missing package
anchors:
fit_lgmr.Rd: stan_model
infer_data_and_decision_model.Rd: sampling, tibble
Please provide package anchors for all Rd \link{} targets not in the
package itself and the base packages.
Flavors: r-devel-linux-x86_64-debian-clang, r-devel-linux-x86_64-debian-gcc, r-devel-windows-x86_64
Version: 0.0.3
Check: dependencies in R code
Result: NOTE
Namespaces in Imports field not imported from:
‘RcppParallel’ ‘rstantools’
All declared Imports should be used.
Flavors: r-devel-linux-x86_64-fedora-clang, r-devel-linux-x86_64-fedora-gcc
Version: 0.0.3
Check: for GNU extensions in Makefiles
Result: NOTE
GNU make is a SystemRequirements.
Flavors: r-patched-linux-x86_64, r-release-linux-x86_64, r-release-macos-arm64, r-release-macos-x86_64, r-release-windows-x86_64, r-oldrel-macos-arm64, r-oldrel-macos-x86_64, r-oldrel-windows-x86_64
Version: 0.0.3
Check: installed package size
Result: NOTE
installed size is 95.4Mb
sub-directories of 1Mb or more:
data 1.2Mb
libs 93.5Mb
Flavors: r-release-macos-arm64, r-release-macos-x86_64, r-release-windows-x86_64, r-oldrel-macos-arm64, r-oldrel-macos-x86_64, r-oldrel-windows-x86_64