Last updated on 2025-02-21 02:52:06 CET.
Flavor | Version | Tinstall | Tcheck | Ttotal | Status | Flags |
---|---|---|---|---|---|---|
r-devel-linux-x86_64-debian-clang | 0.9.6 | 4.44 | 52.99 | 57.43 | NOTE | |
r-devel-linux-x86_64-debian-gcc | 0.9.6 | 3.38 | 38.84 | 42.22 | NOTE | |
r-devel-linux-x86_64-fedora-clang | 0.9.6 | 91.83 | OK | |||
r-devel-linux-x86_64-fedora-gcc | 0.9.6 | 86.78 | OK | |||
r-devel-macos-arm64 | 0.9.6 | 35.00 | OK | |||
r-devel-macos-x86_64 | 0.9.6 | 59.00 | OK | |||
r-devel-windows-x86_64 | 0.9.6 | 6.00 | 78.00 | 84.00 | NOTE | |
r-patched-linux-x86_64 | 0.9.6 | 12.23 | 49.89 | 62.12 | OK | |
r-release-linux-x86_64 | 0.9.6 | 4.18 | 49.83 | 54.01 | OK | |
r-release-macos-arm64 | 0.9.6 | 33.00 | OK | |||
r-release-macos-x86_64 | 0.9.6 | 47.00 | OK | |||
r-release-windows-x86_64 | 0.9.6 | 8.00 | 77.00 | 85.00 | OK | |
r-oldrel-macos-arm64 | 0.9.6 | 37.00 | OK | |||
r-oldrel-macos-x86_64 | 0.9.6 | 51.00 | OK | |||
r-oldrel-windows-x86_64 | 0.9.6 | 9.00 | 103.00 | 112.00 | OK |
Version: 0.9.6
Check: Rd cross-references
Result: NOTE
Found the following Rd file(s) with Rd \link{} targets missing package
anchors:
getBanterModel.Rd: randomForest
Please provide package anchors for all Rd \link{} targets not in the
package itself and the base packages.
Flavors: r-devel-linux-x86_64-debian-clang, r-devel-linux-x86_64-debian-gcc, r-devel-windows-x86_64