CRAN Package Check Results for Package bartMachineJARs

Last updated on 2025-02-18 02:50:31 CET.

Flavor Version Tinstall Tcheck Ttotal Status Flags
r-devel-linux-x86_64-debian-clang 1.2.1 3.53 21.93 25.46 OK
r-devel-linux-x86_64-debian-gcc 1.2.1 2.46 16.69 19.15 OK
r-devel-linux-x86_64-fedora-clang 1.2.1 40.74 OK
r-devel-linux-x86_64-fedora-gcc 1.2.1 38.81 OK
r-devel-macos-arm64 1.2.1 16.00 OK
r-devel-macos-x86_64 1.2.1 26.00 OK
r-devel-windows-x86_64 1.2.1 4.00 33.00 37.00 OK
r-patched-linux-x86_64 1.2.1 2.50 20.72 23.22 OK
r-release-linux-x86_64 1.2.1 3.16 20.66 23.82 OK
r-release-macos-arm64 1.2.1 23.00 NOTE
r-release-macos-x86_64 1.2.1 22.00 NOTE
r-release-windows-x86_64 1.2.1 4.00 32.00 36.00 NOTE
r-oldrel-macos-arm64 1.2.1 19.00 NOTE
r-oldrel-macos-x86_64 1.2.1 24.00 NOTE
r-oldrel-windows-x86_64 1.2.1 5.00 38.00 43.00 NOTE

Check Details

Version: 1.2.1
Check: installed package size
Result: NOTE installed size is 9.4Mb sub-directories of 1Mb or more: java 9.3Mb Flavors: r-release-macos-arm64, r-release-macos-x86_64, r-release-windows-x86_64, r-oldrel-macos-arm64, r-oldrel-macos-x86_64, r-oldrel-windows-x86_64