CRAN Package Check Results for Package basf

Last updated on 2025-02-21 02:52:06 CET.

Flavor Version Tinstall Tcheck Ttotal Status Flags
r-devel-linux-x86_64-debian-clang 0.2.0 4.91 56.61 61.52 OK
r-devel-linux-x86_64-debian-gcc 0.2.0 3.25 39.69 42.94 OK
r-devel-linux-x86_64-fedora-clang 0.2.0 98.04 OK
r-devel-linux-x86_64-fedora-gcc 0.2.0 99.57 OK
r-devel-macos-arm64 0.2.0 37.00 OK
r-devel-macos-x86_64 0.2.0 55.00 OK
r-devel-windows-x86_64 0.2.0 6.00 74.00 80.00 OK
r-patched-linux-x86_64 0.2.0 4.80 53.31 58.11 NOTE
r-release-linux-x86_64 0.2.0 4.46 53.26 57.72 NOTE
r-release-macos-arm64 0.2.0 30.00 NOTE
r-release-macos-x86_64 0.2.0 43.00 NOTE
r-release-windows-x86_64 0.2.0 6.00 66.00 72.00 NOTE
r-oldrel-macos-arm64 0.2.0 30.00 NOTE
r-oldrel-macos-x86_64 0.2.0 50.00 NOTE
r-oldrel-windows-x86_64 0.2.0 8.00 81.00 89.00 NOTE

Check Details

Version: 0.2.0
Check: LazyData
Result: NOTE 'LazyData' is specified without a 'data' directory Flavors: r-patched-linux-x86_64, r-release-linux-x86_64, r-release-macos-arm64, r-release-macos-x86_64, r-release-windows-x86_64, r-oldrel-macos-arm64, r-oldrel-macos-x86_64, r-oldrel-windows-x86_64