CRAN Package Check Results for Package basifoR

Last updated on 2025-02-18 02:50:31 CET.

Flavor Version Tinstall Tcheck Ttotal Status Flags
r-devel-linux-x86_64-debian-clang 0.4 6.79 47.00 53.79 NOTE
r-devel-linux-x86_64-debian-gcc 0.4 4.63 35.06 39.69 NOTE
r-devel-linux-x86_64-fedora-clang 0.4 89.20 NOTE
r-devel-linux-x86_64-fedora-gcc 0.4 84.65 NOTE
r-devel-macos-arm64 0.4 31.00 NOTE
r-devel-macos-x86_64 0.4 57.00 NOTE
r-devel-windows-x86_64 0.4 8.00 66.00 74.00 NOTE
r-patched-linux-x86_64 0.4 12.41 44.88 57.29 NOTE
r-release-linux-x86_64 0.4 6.02 44.96 50.98 NOTE
r-release-macos-arm64 0.4 30.00 NOTE
r-release-macos-x86_64 0.4 45.00 NOTE
r-release-windows-x86_64 0.4 8.00 65.00 73.00 NOTE
r-oldrel-macos-arm64 0.4 32.00 OK
r-oldrel-macos-x86_64 0.4 44.00 OK
r-oldrel-windows-x86_64 0.4 11.00 95.00 106.00 OK

Check Details

Version: 0.4
Check: Rd files
Result: NOTE checkRd: (-1) nfiMetrics.Rd:23: Lost braces 23 | code{(4)} the number of | ^ Flavors: r-devel-linux-x86_64-debian-clang, r-devel-linux-x86_64-debian-gcc, r-devel-linux-x86_64-fedora-clang, r-devel-linux-x86_64-fedora-gcc, r-devel-macos-arm64, r-devel-macos-x86_64, r-devel-windows-x86_64, r-patched-linux-x86_64, r-release-linux-x86_64, r-release-macos-arm64, r-release-macos-x86_64, r-release-windows-x86_64

Version: 0.4
Check: Rd cross-references
Result: NOTE Found the following Rd file(s) with Rd \link{} targets missing package anchors: readNFI.Rd: read.dbf, RODBC, mdb.get urlToTemp.Rd: timeout Please provide package anchors for all Rd \link{} targets not in the package itself and the base packages. Flavors: r-devel-linux-x86_64-debian-clang, r-devel-linux-x86_64-debian-gcc, r-devel-windows-x86_64