Last updated on 2024-05-21 14:57:03 CEST.
Flavor | Version | Tinstall | Tcheck | Ttotal | Status | Flags |
---|---|---|---|---|---|---|
r-devel-linux-x86_64-debian-clang | 0.1.0 | 7.12 | 158.81 | 165.93 | OK | |
r-devel-linux-x86_64-debian-gcc | 0.1.0 | 5.75 | 111.68 | 117.43 | OK | |
r-devel-linux-x86_64-fedora-clang | 0.1.0 | 204.18 | NOTE | |||
r-devel-linux-x86_64-fedora-gcc | 0.1.0 | 203.92 | NOTE | |||
r-devel-windows-x86_64 | 0.1.0 | 8.00 | 112.00 | 120.00 | OK | |
r-patched-linux-x86_64 | 0.1.0 | 7.06 | 149.53 | 156.59 | OK | |
r-release-linux-x86_64 | 0.1.0 | 4.18 | 146.63 | 150.81 | OK | |
r-release-macos-arm64 | 0.1.0 | 59.00 | OK | |||
r-release-windows-x86_64 | 0.1.0 | 8.00 | 116.00 | 124.00 | OK | |
r-oldrel-macos-arm64 | 0.1.0 | 61.00 | OK | |||
r-oldrel-macos-x86_64 | 0.1.0 | 105.00 | OK | |||
r-oldrel-windows-x86_64 | 0.1.0 | 9.00 | 145.00 | 154.00 | OK |
Version: 0.1.0
Check: dependencies in R code
Result: NOTE
Namespace in Imports field not imported from: ‘vtable’
All declared Imports should be used.
Flavors: r-devel-linux-x86_64-fedora-clang, r-devel-linux-x86_64-fedora-gcc