Last updated on 2025-02-21 02:52:06 CET.
Flavor | Version | Tinstall | Tcheck | Ttotal | Status | Flags |
---|---|---|---|---|---|---|
r-devel-linux-x86_64-debian-clang | 1.2.12 | 565.12 | 309.51 | 874.63 | OK | |
r-devel-linux-x86_64-debian-gcc | 1.2.12 | 521.15 | 260.22 | 781.37 | OK | |
r-devel-linux-x86_64-fedora-clang | 1.2.12 | 1323.44 | OK | |||
r-devel-linux-x86_64-fedora-gcc | 1.2.12 | 1452.25 | OK | |||
r-devel-macos-arm64 | 1.2.12 | 360.00 | OK | |||
r-devel-macos-x86_64 | 1.2.12 | 682.00 | OK | |||
r-devel-windows-x86_64 | 1.2.12 | 512.00 | 384.00 | 896.00 | OK | |
r-patched-linux-x86_64 | 1.2.12 | 639.60 | 348.53 | 988.13 | NOTE | |
r-release-linux-x86_64 | 1.2.12 | 646.90 | 348.57 | 995.47 | NOTE | |
r-release-macos-arm64 | 1.2.12 | 188.00 | NOTE | |||
r-release-macos-x86_64 | 1.2.12 | 211.00 | NOTE | |||
r-release-windows-x86_64 | 1.2.12 | 526.00 | 383.00 | 909.00 | NOTE | |
r-oldrel-macos-arm64 | 1.2.12 | 348.00 | NOTE | |||
r-oldrel-macos-x86_64 | 1.2.12 | 485.00 | NOTE | |||
r-oldrel-windows-x86_64 | 1.2.12 | 697.00 | 473.00 | 1170.00 | NOTE |
Version: 1.2.12
Check: for GNU extensions in Makefiles
Result: NOTE
GNU make is a SystemRequirements.
Flavors: r-patched-linux-x86_64, r-release-linux-x86_64, r-release-macos-arm64, r-release-macos-x86_64, r-release-windows-x86_64, r-oldrel-macos-arm64, r-oldrel-macos-x86_64, r-oldrel-windows-x86_64
Version: 1.2.12
Check: installed package size
Result: NOTE
installed size is 103.4Mb
sub-directories of 1Mb or more:
doc 1.9Mb
libs 99.9Mb
Flavors: r-release-macos-arm64, r-release-macos-x86_64, r-release-windows-x86_64, r-oldrel-macos-arm64, r-oldrel-macos-x86_64, r-oldrel-windows-x86_64