Last updated on 2025-02-21 02:52:06 CET.
Flavor | Version | Tinstall | Tcheck | Ttotal | Status | Flags |
---|---|---|---|---|---|---|
r-devel-linux-x86_64-debian-clang | 0.5.0 | 64.49 | 49.97 | 114.46 | OK | |
r-devel-linux-x86_64-debian-gcc | 0.5.0 | 42.66 | 42.05 | 84.71 | OK | |
r-devel-linux-x86_64-fedora-clang | 0.5.0 | 204.80 | OK | |||
r-devel-linux-x86_64-fedora-gcc | 0.5.0 | 213.13 | OK | |||
r-devel-macos-arm64 | 0.5.0 | 71.00 | OK | |||
r-devel-macos-x86_64 | 0.5.0 | 100.00 | OK | |||
r-devel-windows-x86_64 | 0.5.0 | 64.00 | 103.00 | 167.00 | OK | |
r-patched-linux-x86_64 | 0.5.0 | 62.41 | 54.67 | 117.08 | OK | |
r-release-linux-x86_64 | 0.5.0 | 61.29 | 54.43 | 115.72 | OK | |
r-release-macos-arm64 | 0.5.0 | 64.00 | NOTE | |||
r-release-macos-x86_64 | 0.5.0 | 76.00 | NOTE | |||
r-release-windows-x86_64 | 0.5.0 | 64.00 | 102.00 | 166.00 | OK | |
r-oldrel-macos-arm64 | 0.5.0 | 74.00 | NOTE | |||
r-oldrel-macos-x86_64 | 0.5.0 | 163.00 | NOTE | |||
r-oldrel-windows-x86_64 | 0.5.0 | 76.00 | 146.00 | 222.00 | OK |
Version: 0.5.0
Check: installed package size
Result: NOTE
installed size is 12.2Mb
sub-directories of 1Mb or more:
libs 11.6Mb
Flavors: r-release-macos-arm64, r-release-macos-x86_64, r-oldrel-macos-arm64, r-oldrel-macos-x86_64