Last updated on 2025-02-21 02:52:06 CET.
Flavor | Version | Tinstall | Tcheck | Ttotal | Status | Flags |
---|---|---|---|---|---|---|
r-devel-linux-x86_64-debian-clang | 0.0.5 | 119.20 | 98.81 | 218.01 | OK | |
r-devel-linux-x86_64-debian-gcc | 0.0.5 | 115.19 | 80.90 | 196.09 | OK | |
r-devel-linux-x86_64-fedora-clang | 0.0.5 | 345.18 | OK | |||
r-devel-linux-x86_64-fedora-gcc | 0.0.5 | 437.84 | OK | |||
r-devel-macos-arm64 | 0.0.5 | 94.00 | OK | |||
r-devel-macos-x86_64 | 0.0.5 | 234.00 | OK | |||
r-devel-windows-x86_64 | 0.0.5 | 126.00 | 125.00 | 251.00 | OK | |
r-patched-linux-x86_64 | 0.0.5 | 152.08 | 104.02 | 256.10 | NOTE | |
r-release-linux-x86_64 | 0.0.5 | 141.20 | 103.82 | 245.02 | NOTE | |
r-release-macos-arm64 | 0.0.5 | 92.00 | NOTE | |||
r-release-macos-x86_64 | 0.0.5 | 140.00 | NOTE | |||
r-release-windows-x86_64 | 0.0.5 | 122.00 | 126.00 | 248.00 | NOTE | |
r-oldrel-macos-arm64 | 0.0.5 | 159.00 | NOTE | |||
r-oldrel-macos-x86_64 | 0.0.5 | 373.00 | NOTE | |||
r-oldrel-windows-x86_64 | 0.0.5 | 164.00 | 179.00 | 343.00 | NOTE |
Version: 0.0.5
Check: for GNU extensions in Makefiles
Result: NOTE
GNU make is a SystemRequirements.
Flavors: r-patched-linux-x86_64, r-release-linux-x86_64, r-release-macos-arm64, r-release-macos-x86_64, r-release-windows-x86_64, r-oldrel-macos-arm64, r-oldrel-macos-x86_64, r-oldrel-windows-x86_64
Version: 0.0.5
Check: installed package size
Result: NOTE
installed size is 39.3Mb
sub-directories of 1Mb or more:
libs 39.1Mb
Flavors: r-release-macos-arm64, r-release-macos-x86_64, r-oldrel-macos-arm64, r-oldrel-macos-x86_64