Last updated on 2024-05-21 14:57:03 CEST.
Flavor | Version | Tinstall | Tcheck | Ttotal | Status | Flags |
---|---|---|---|---|---|---|
r-devel-linux-x86_64-debian-clang | 0.2.2 | 2.73 | 37.41 | 40.14 | NOTE | |
r-devel-linux-x86_64-debian-gcc | 0.2.2 | 1.83 | 27.33 | 29.16 | NOTE | |
r-devel-linux-x86_64-fedora-clang | 0.2.2 | 53.37 | NOTE | |||
r-devel-linux-x86_64-fedora-gcc | 0.2.2 | 46.03 | NOTE | |||
r-devel-windows-x86_64 | 0.2.2 | 3.00 | 50.00 | 53.00 | NOTE | |
r-patched-linux-x86_64 | 0.2.2 | 3.58 | 34.15 | 37.73 | NOTE | |
r-release-linux-x86_64 | 0.2.2 | 1.80 | 34.72 | 36.52 | NOTE | |
r-release-macos-arm64 | 0.2.2 | 19.00 | NOTE | |||
r-release-windows-x86_64 | 0.2.2 | 3.00 | 52.00 | 55.00 | NOTE | |
r-oldrel-macos-arm64 | 0.2.2 | 21.00 | NOTE | |||
r-oldrel-macos-x86_64 | 0.2.2 | 29.00 | NOTE | |||
r-oldrel-windows-x86_64 | 0.2.2 | 4.00 | 55.00 | 59.00 | NOTE |
Version: 0.2.2
Check: LazyData
Result: NOTE
'LazyData' is specified without a 'data' directory
Flavors: r-devel-linux-x86_64-debian-clang, r-devel-linux-x86_64-debian-gcc, r-devel-linux-x86_64-fedora-clang, r-devel-linux-x86_64-fedora-gcc, r-devel-windows-x86_64, r-patched-linux-x86_64, r-release-linux-x86_64, r-release-macos-arm64, r-release-windows-x86_64, r-oldrel-macos-arm64, r-oldrel-macos-x86_64, r-oldrel-windows-x86_64