Last updated on 2025-02-18 02:50:31 CET.
Flavor | Version | Tinstall | Tcheck | Ttotal | Status | Flags |
---|---|---|---|---|---|---|
r-devel-linux-x86_64-debian-clang | 0.2.2 | 2.04 | 27.73 | 29.77 | NOTE | |
r-devel-linux-x86_64-debian-gcc | 0.2.2 | 1.37 | 21.34 | 22.71 | NOTE | |
r-devel-linux-x86_64-fedora-clang | 0.2.2 | 49.30 | OK | |||
r-devel-linux-x86_64-fedora-gcc | 0.2.2 | 47.45 | OK | |||
r-devel-macos-arm64 | 0.2.2 | 21.00 | OK | |||
r-devel-macos-x86_64 | 0.2.2 | 33.00 | OK | |||
r-devel-windows-x86_64 | 0.2.2 | 3.00 | 52.00 | 55.00 | NOTE | |
r-patched-linux-x86_64 | 0.2.2 | 3.62 | 26.59 | 30.21 | NOTE | |
r-release-linux-x86_64 | 0.2.2 | 1.98 | 27.01 | 28.99 | NOTE | |
r-release-macos-arm64 | 0.2.2 | 23.00 | NOTE | |||
r-release-macos-x86_64 | 0.2.2 | 29.00 | NOTE | |||
r-release-windows-x86_64 | 0.2.2 | 3.00 | 53.00 | 56.00 | NOTE | |
r-oldrel-macos-arm64 | 0.2.2 | 21.00 | NOTE | |||
r-oldrel-macos-x86_64 | 0.2.2 | 29.00 | NOTE | |||
r-oldrel-windows-x86_64 | 0.2.2 | 4.00 | 62.00 | 66.00 | NOTE |
Version: 0.2.2
Check: Rd cross-references
Result: NOTE
Found the following Rd file(s) with Rd \link{} targets missing package
anchors:
plotPost.Rd: hdi
Please provide package anchors for all Rd \link{} targets not in the
package itself and the base packages.
Flavors: r-devel-linux-x86_64-debian-clang, r-devel-linux-x86_64-debian-gcc, r-devel-windows-x86_64
Version: 0.2.2
Check: LazyData
Result: NOTE
'LazyData' is specified without a 'data' directory
Flavors: r-patched-linux-x86_64, r-release-linux-x86_64, r-release-macos-arm64, r-release-macos-x86_64, r-release-windows-x86_64, r-oldrel-macos-arm64, r-oldrel-macos-x86_64, r-oldrel-windows-x86_64