Last updated on 2025-02-21 02:52:06 CET.
Flavor | Version | Tinstall | Tcheck | Ttotal | Status | Flags |
---|---|---|---|---|---|---|
r-devel-linux-x86_64-debian-clang | 0.1.3 | 129.30 | 24.88 | 154.18 | NOTE | |
r-devel-linux-x86_64-debian-gcc | 0.1.3 | 90.00 | 19.75 | 109.75 | NOTE | |
r-devel-linux-x86_64-fedora-clang | 0.1.3 | 319.39 | NOTE | |||
r-devel-linux-x86_64-fedora-gcc | 0.1.3 | 294.18 | NOTE | |||
r-devel-macos-arm64 | 0.1.3 | 57.00 | NOTE | |||
r-devel-macos-x86_64 | 0.1.3 | 69.00 | NOTE | |||
r-devel-windows-x86_64 | 0.1.3 | 135.00 | 68.00 | 203.00 | NOTE | |
r-patched-linux-x86_64 | 0.1.3 | 126.10 | 24.14 | 150.24 | NOTE | |
r-release-linux-x86_64 | 0.1.3 | 127.54 | 23.83 | 151.37 | NOTE | |
r-release-macos-arm64 | 0.1.3 | 55.00 | NOTE | |||
r-release-macos-x86_64 | 0.1.3 | 59.00 | NOTE | |||
r-release-windows-x86_64 | 0.1.3 | 139.00 | 65.00 | 204.00 | NOTE | |
r-oldrel-macos-arm64 | 0.1.3 | 79.00 | NOTE | |||
r-oldrel-macos-x86_64 | 0.1.3 | 138.00 | NOTE | |||
r-oldrel-windows-x86_64 | 0.1.3 | 164.00 | 98.00 | 262.00 | NOTE |
Version: 0.1.3
Check: C++ specification
Result: NOTE
Specified C++11: please drop specification unless essential
Flavors: r-devel-linux-x86_64-debian-clang, r-devel-linux-x86_64-debian-gcc, r-devel-linux-x86_64-fedora-clang, r-devel-linux-x86_64-fedora-gcc, r-devel-macos-arm64, r-devel-macos-x86_64, r-devel-windows-x86_64, r-patched-linux-x86_64, r-release-linux-x86_64, r-release-macos-arm64, r-release-macos-x86_64, r-release-windows-x86_64, r-oldrel-macos-arm64, r-oldrel-macos-x86_64, r-oldrel-windows-x86_64
Version: 0.1.3
Check: installed package size
Result: NOTE
installed size is 6.2Mb
sub-directories of 1Mb or more:
libs 6.1Mb
Flavors: r-release-macos-arm64, r-release-macos-x86_64, r-oldrel-macos-arm64, r-oldrel-macos-x86_64